{"id":2083923,"date":"2026-08-17T09:51:30","date_gmt":"2026-08-17T07:51:30","guid":{"rendered":"https:\/\/backgroundproperties.com\/property\/c4xy4675jal-villa-avec-maison-dhotes-spacieuse-et-vue-panoramique-a-vendre-a-la-almazara-jalon\/"},"modified":"2026-08-18T13:41:19","modified_gmt":"2026-08-18T11:41:19","slug":"c4xy4675jal-villa-avec-maison-dhotes-spacieuse-et-vue-panoramique-a-vendre-a-la-almazara-jalon","status":"publish","type":"property","link":"https:\/\/backgroundproperties.com\/fr\/property\/c4xy4675jal-villa-avec-maison-dhotes-spacieuse-et-vue-panoramique-a-vendre-a-la-almazara-jalon\/","title":{"rendered":"C4XY4675JAL Villa avec maison d&#8217;h\u00f4tes spacieuse et vue panoramique \u00e0 vendre \u00e0 La Almazara, Jal\u00f3n"},"content":{"rendered":"<p>Villa avec appartement d&#8217;invit\u00e9s et vue panoramique \u00e0 vendre \u00e0 Jal\u00f3n<\/p>\n<p>Cette villa traditionnelle est situ\u00e9e dans le quartier paisible d&#8217;Almazara, \u00e0 courte distance du charmant et anim\u00e9 village de Jal\u00f3n. La propri\u00e9t\u00e9 offre une vue panoramique sur la vall\u00e9e de Jal\u00f3n et les montagnes environnantes, notamment le c\u00e9l\u00e8bre Coll de Rates.<\/p>\n<p>Un portail automatique permet d&#8217;acc\u00e9der au terrain disposant d&#8217;un carport. Depuis l&#8217;espace de stationnement, quelques marches suffisent pour atteindre la porte d&#8217;entr\u00e9e. Vous entrez dans le hall du niveau principal. Sur la gauche se trouvent une salle de bains et une chambre double. Plus loin dans le couloir se situent une chambre individuelle et la chambre principale avec sa salle de bains en suite. Le couloir m\u00e8ne \u00e0 un s\u00e9jour lumineux avec cuisine semi-ouverte. Depuis le s\u00e9jour, vous acc\u00e9dez \u00e0 la naya vitr\u00e9e, l&#8217;endroit id\u00e9al pour d\u00e9jeuner confortablement en hiver tout en admirant le paysage. Attenante \u00e0 la naya se trouve une grande terrasse avec un escalier menant directement \u00e0 la piscine.<\/p>\n<p>Le rez-de-jardin abrite un appartement d&#8217;invit\u00e9s ind\u00e9pendant compos\u00e9 d&#8217;un s\u00e9jour-salle \u00e0 manger, d&#8217;une cuisine semi-ouverte, de deux chambres, d&#8217;une salle de bains et d&#8217;un d\u00e9barras. Cet appartement b\u00e9n\u00e9ficie \u00e9galement de sa propre terrasse couverte. De plus, une pi\u00e8ce polyvalente avec entr\u00e9e s\u00e9par\u00e9e constitue un espace id\u00e9al pour un bureau, une chambre d&#8217;amis suppl\u00e9mentaire ou une salle de sport.<\/p>\n<p>\u00c0 l&#8217;ext\u00e9rieur se trouve la piscine priv\u00e9e de 4&#215;8 m entour\u00e9e d&#8217;une grande terrasse ensoleill\u00e9e avec vue sur les montagnes et d&#8217;une cuisine d&#8217;\u00e9t\u00e9 attenante. Dans la partie inf\u00e9rieure du jardin, vous trouverez un terrain de p\u00e9tanque, une pergola et un jardin \u00e0 faible entretien agr\u00e9ment\u00e9 de cactus et de plantes m\u00e9diterran\u00e9ennes.<\/p>\n<p>La vall\u00e9e de Jal\u00f3n (Vall de Pop) est r\u00e9put\u00e9e pour sa nature, ses amandiers et sa culture viticole. Jal\u00f3n est un village de caract\u00e8re proposant tous les services du quotidien, des places anim\u00e9es, des bodegas traditionnelles et son march\u00e9 d&#8217;antiquit\u00e9s hebdomadaire. Entour\u00e9 de cha\u00eenes de montagnes, c&#8217;est un paradis pour les randonneurs et les cyclistes. De plus, les plages de sable de D\u00e9nia, J\u00e1vea et Calpe se trouvent \u00e0 seulement 20 \u00e0 25 minutes de route.<\/p>\n","protected":false},"excerpt":{"rendered":"<p>Villa avec appartement d&#8217;invit\u00e9s et vue panoramique \u00e0 vendre \u00e0 Jal\u00f3n Cette villa traditionnelle est situ\u00e9e dans le quartier paisible d&#8217;Almazara, \u00e0 courte distance du charmant et anim\u00e9 village de Jal\u00f3n. La propri\u00e9t\u00e9 offre une vue panoramique sur la vall\u00e9e de Jal\u00f3n et les montagnes environnantes, notamment le c\u00e9l\u00e8bre Coll de Rates. Un portail automatique [&hellip;]<\/p>\n","protected":false},"author":33,"featured_media":2083640,"parent":0,"menu_order":0,"template":"","property_type":[859],"property_status":[2454],"property_feature":[2570,2458,2558,2489,2460,2551,2515,2461,2492,2490,2948,2459],"property_label":[],"property_country":[2455],"property_state":[886],"property_city":[1018],"property_area":[3050],"class_list":["post-2083923","property","type-property","status-publish","has-post-thumbnail","hentry","property_type-villa-fr","property_status-revente-fr","property_feature-abri-de-voiture","property_feature-alarme-fr","property_feature-appartement-separe-fr","property_feature-armoires-encastrees-fr","property_feature-balcon-fr-2","property_feature-cuisine-exterieure-fr","property_feature-jardin-fr-2","property_feature-piscine-fr","property_feature-porte-automatique","property_feature-stockage","property_feature-terras","property_feature-volets-roulants-fr","property_country-espagne-fr","property_state-alicante-fr","property_city-jalon-fr","property_area-la-almazara"],"property_meta":{"image_count":["0"],"_last_translation_edit_mode":["translation-editor"],"_wpml_media_duplicate":["1"],"_wpml_media_featured":["1"],"fave_featured":["0"],"houzez_featured_listing_date":[""],"fave_property_images":["2083638","2083643","2083648","2083653","2083658","2083663","2083668","2083673","2083678","2083683","2083688","2083693","2083698","2083703","2083708","2083713","2083718","2083723","2083728","2083733","2083738","2083743","2083748","2083753","2083758","2083763","2083768","2083773","2083778","2083783","2083788","2083793","2083798","2083808","2083813","2083818","2083823","2083828","2083833","2083838","2083843","2083848","2083853","2083858","2083863","2083868","2083873","2083878","2083883","2083888","2083893","2083898","2083903","2083908","2083913"],"fave_agent_display_option":["none"],"fave_single_top_area":["global"],"_top_nav_excluded":[""],"_cms_nav_minihome":[""],"houzez_geolocation_lat":["38.753012320665"],"houzez_geolocation_long":["-0.028839111328125"],"_thumbnail_id":["2083640"],"_wpml_word_count":["403"],"houzez_total_property_views":["29"],"houzez_views_by_date":["a:14:{s:10:\"08-17-2026\";i:3;s:10:\"08-18-2026\";i:1;s:10:\"08-19-2026\";i:3;s:10:\"08-20-2026\";i:2;s:10:\"08-21-2026\";i:1;s:10:\"08-22-2026\";i:3;s:10:\"08-23-2026\";i:4;s:10:\"08-24-2026\";i:2;s:10:\"08-25-2026\";i:2;s:10:\"08-26-2026\";i:1;s:10:\"08-27-2026\";i:2;s:10:\"08-28-2026\";i:2;s:10:\"08-31-2026\";i:1;s:10:\"09-01-2026\";i:2;}"],"houzez_recently_viewed":["2026-09-01 15:00:33"],"_elementor_global_class_usage_indexed":["1"],"fave_property_price":["599000"],"fave_property_size":["229"],"fave_property_bedrooms":["5"],"fave_property_bathrooms":["3"],"fave_property_garage":["1"],"fave_property_year":["2003"],"fave_property_id":["C4XY4675JAL"],"fave_property_map":["1"],"fave_property_map_address":["Xal\u00f3, la Marina Alta, Alacant \/ Alicante, Comunitat Valenciana, 03727, Espa\u00f1a"],"fave_property_location":["38.753012320665,-0.028839111328125,14"],"fave_property_map_street_view":["hide"],"fave_video_url":["https:\/\/youtu.be\/eBMx5fgiiP0"],"fave_prop_homeslider":["no"],"fave_afstand-tot-zee":["15000"],"fave_oric3abntatie":["Sud-est"],"fave_terrein":["En pente raide"],"fave_uitzicht":["Montagne"],"fave_verdiepingen":["2"],"fave_woningtype":["Villa"],"fave_zwembad":["Priv\u00e9"],"fave_zwembad-afmetingen":["4x8m"],"fave_constructie":["Classique"],"fave_gebruiksopp-woning":["173"],"_elementor_page_assets":["a:0:{}"]},"_links":{"self":[{"href":"https:\/\/backgroundproperties.com\/fr\/wp-json\/wp\/v2\/properties\/2083923","targetHints":{"allow":["GET"]}}],"collection":[{"href":"https:\/\/backgroundproperties.com\/fr\/wp-json\/wp\/v2\/properties"}],"about":[{"href":"https:\/\/backgroundproperties.com\/fr\/wp-json\/wp\/v2\/types\/property"}],"author":[{"embeddable":true,"href":"https:\/\/backgroundproperties.com\/fr\/wp-json\/wp\/v2\/users\/33"}],"version-history":[{"count":1,"href":"https:\/\/backgroundproperties.com\/fr\/wp-json\/wp\/v2\/properties\/2083923\/revisions"}],"predecessor-version":[{"id":2084118,"href":"https:\/\/backgroundproperties.com\/fr\/wp-json\/wp\/v2\/properties\/2083923\/revisions\/2084118"}],"wp:featuredmedia":[{"embeddable":true,"href":"https:\/\/backgroundproperties.com\/fr\/wp-json\/wp\/v2\/media\/2083640"}],"wp:attachment":[{"href":"https:\/\/backgroundproperties.com\/fr\/wp-json\/wp\/v2\/media?parent=2083923"}],"wp:term":[{"taxonomy":"property_type","embeddable":true,"href":"https:\/\/backgroundproperties.com\/fr\/wp-json\/wp\/v2\/property_type?post=2083923"},{"taxonomy":"property_status","embeddable":true,"href":"https:\/\/backgroundproperties.com\/fr\/wp-json\/wp\/v2\/property_status?post=2083923"},{"taxonomy":"property_feature","embeddable":true,"href":"https:\/\/backgroundproperties.com\/fr\/wp-json\/wp\/v2\/property_feature?post=2083923"},{"taxonomy":"property_label","embeddable":true,"href":"https:\/\/backgroundproperties.com\/fr\/wp-json\/wp\/v2\/property_label?post=2083923"},{"taxonomy":"property_country","embeddable":true,"href":"https:\/\/backgroundproperties.com\/fr\/wp-json\/wp\/v2\/property_country?post=2083923"},{"taxonomy":"property_state","embeddable":true,"href":"https:\/\/backgroundproperties.com\/fr\/wp-json\/wp\/v2\/property_state?post=2083923"},{"taxonomy":"property_city","embeddable":true,"href":"https:\/\/backgroundproperties.com\/fr\/wp-json\/wp\/v2\/property_city?post=2083923"},{"taxonomy":"property_area","embeddable":true,"href":"https:\/\/backgroundproperties.com\/fr\/wp-json\/wp\/v2\/property_area?post=2083923"}],"curies":[{"name":"wp","href":"https:\/\/api.w.org\/{rel}","templated":true}]}}

C4XY4675JAL Villa avec maison d&#8217;hôtes spacieuse et vue panoramique à vendre à La Almazara, Jalón

<p>Villa avec appartement d&#8217;invités et vue panoramique à vendre à Jalón</p>
<p>Cette villa traditionnelle est située dans le quartier paisible d&#8217;Almazara, à courte distance du charmant et animé village de Jalón. La propriété offre une vue panoramique sur la vallée de Jalón et les montagnes environnantes, notamment le célèbre Coll de Rates.</p>
<p>Un portail automatique permet d&#8217;accéder au terrain disposant d&#8217;un carport. Depuis l&#8217;espace de stationnement, quelques marches suffisent pour atteindre la porte d&#8217;entrée. Vous entrez dans le hall du niveau principal. Sur la gauche se trouvent une salle de bains et une chambre double. Plus loin dans le couloir se situent une chambre individuelle et la chambre principale avec sa salle de bains en suite. Le couloir mène à un séjour lumineux avec cuisine semi-ouverte. Depuis le séjour, vous accédez à la naya vitrée, l&#8217;endroit idéal pour déjeuner confortablement en hiver tout en admirant le paysage. Attenante à la naya se trouve une grande terrasse avec un escalier menant directement à la piscine.</p>
<p>Le rez-de-jardin abrite un appartement d&#8217;invités indépendant composé d&#8217;un séjour-salle à manger, d&#8217;une cuisine semi-ouverte, de deux chambres, d&#8217;une salle de bains et d&#8217;un débarras. Cet appartement bénéficie également de sa propre terrasse couverte. De plus, une pièce polyvalente avec entrée séparée constitue un espace idéal pour un bureau, une chambre d&#8217;amis supplémentaire ou une salle de sport.</p>
<p>À l&#8217;extérieur se trouve la piscine privée de 4&#215;8 m entourée d&#8217;une grande terrasse ensoleillée avec vue sur les montagnes et d&#8217;une cuisine d&#8217;été attenante. Dans la partie inférieure du jardin, vous trouverez un terrain de pétanque, une pergola et un jardin à faible entretien agrémenté de cactus et de plantes méditerranéennes.</p>
<p>La vallée de Jalón (Vall de Pop) est réputée pour sa nature, ses amandiers et sa culture viticole. Jalón est un village de caractère proposant tous les services du quotidien, des places animées, des bodegas traditionnelles et son marché d&#8217;antiquités hebdomadaire. Entouré de chaînes de montagnes, c&#8217;est un paradis pour les randonneurs et les cyclistes. De plus, les plages de sable de Dénia, Jávea et Calpe se trouvent à seulement 20 à 25 minutes de route.</p>

<p>Villa avec appartement d&#8217;invités et vue panoramique à vendre à Jalón Cette villa traditionnelle est située dans le quartier paisible d&#8217;Almazara, à courte distance du charmant et animé village de Jalón. La propriété offre une vue panoramique sur la vallée de Jalón et les montagnes environnantes, notamment le célèbre Coll de Rates. Un portail automatique [&hellip;]</p>

Xaló, la Marina Alta, Alacant / Alicante, Comunitat Valenciana, 03727, España

Privé
