{"id":2083493,"date":"2026-08-13T10:27:29","date_gmt":"2026-08-13T08:27:29","guid":{"rendered":"https:\/\/backgroundproperties.com\/property\/c4xy4674sag-bb-en-pleine-exploitation-avec-bar-et-appartement-independant-a-vendre-a-sagra\/"},"modified":"2026-08-13T12:17:24","modified_gmt":"2026-08-13T10:17:24","slug":"c4xy4674sag-bb-en-pleine-exploitation-avec-bar-et-appartement-independant-a-vendre-a-sagra","status":"publish","type":"property","link":"https:\/\/backgroundproperties.com\/fr\/property\/c4xy4674sag-bb-en-pleine-exploitation-avec-bar-et-appartement-independant-a-vendre-a-sagra\/","title":{"rendered":"C4XY4674SAG B&#038;B en pleine exploitation avec bar et appartement ind\u00e9pendant \u00e0 vendre \u00e0 Sagra"},"content":{"rendered":"<p>B&amp;B en pleine exploitation avec bar et appartement ind\u00e9pendant \u00e0 vendre \u00e0 Sagra<\/p>\n<p>Ce charmant Bed &amp; Breakfast de style rustique est situ\u00e9 au c\u0153ur du village authentique de Sagra, nich\u00e9 dans la magnifique vall\u00e9e d&#8217;Orba. Le B&amp;B est pleinement op\u00e9rationnel y g\u00e9n\u00e8re un rendement financier d\u00e9montrable.<\/p>\n<p>L&#8217;\u00e9tablissement fonctionne tout au long de l&#8217;ann\u00e9e selon un mod\u00e8le performant sur deux saisons. En hiver, il constitue un point de chute tr\u00e8s pris\u00e9 des cyclistes et des amateurs de tourisme actif, tandis qu&#8217;en \u00e9t\u00e9, il devient une destination de vacances populaire aupr\u00e8s des touristes espagnols. La propri\u00e9t\u00e9 dispose de toutes les licences n\u00e9cessaires, tant pour le B&amp;B que pour l&#8217;exploitation du bar.<\/p>\n<p>Le rez-de-chauss\u00e9e abrite un bar chaleureux avec un espace salle \u00e0 manger, desservi par une cuisine enti\u00e8rement \u00e9quip\u00e9e avec r\u00e9serve. On y trouve \u00e9galement un espace d\u00e9tente commun convivial \u00e9quip\u00e9 d&#8217;une t\u00e9l\u00e9vision, d&#8217;un po\u00eale \u00e0 granul\u00e9s, d&#8217;un billard et de deux toilettes pour les clients.<\/p>\n<p>Au premier \u00e9tage se trouvent les chambres. Au total, la propri\u00e9t\u00e9 compte 5 chambres spacieuses, chacune dot\u00e9e de sa propre salle de bains en suite, offrant une capacit\u00e9 d&#8217;accueil maximale de 14 personnes.<\/p>\n<p>Le dernier \u00e9tage se compose d&#8217;un appartement ind\u00e9pendant comprenant un s\u00e9jour, une cuisine, une chambre double avec salle de bains en suite et une grande terrasse partiellement couverte.<\/p>\n<p>Le bien est \u00e9quip\u00e9 de double vitrage Climalit et de la climatisation r\u00e9versible (chaud\/froid) dans les zones principales. De plus, 18 panneaux solaires sont install\u00e9s sur le toit, garantissant une excellente efficacit\u00e9 \u00e9nerg\u00e9tique et des co\u00fbts d&#8217;exploitation nettement r\u00e9duits.<\/p>\n<p>Il est possible de louer une partie de la voie publique aupr\u00e8s de la mairie afin de cr\u00e9er une terrasse, ce qui, en combinaison avec le bar, permet d&#8217;augmenter consid\u00e9rablement la rentabilit\u00e9.<\/p>\n<p>Sagra est un village espagnol traditionnel o\u00f9 le rythme tr\u00e9pidant de la vie laisse place au calme et \u00e0 la s\u00e9r\u00e9nit\u00e9. Entour\u00e9 par les impressionnantes montagnes de la vall\u00e9e d&#8217;Orba et par de vastes champs d&#8217;orangers, Sagra offre une exp\u00e9rience m\u00e9diterran\u00e9enne authentique.<\/p>\n<p>Le village est r\u00e9put\u00e9 pour ses charmantes ruelles \u00e9troites et son centre historique. La r\u00e9gion est un v\u00e9ritable paradis international pour les cyclistes et les randonneurs, b\u00e9n\u00e9ficiant d&#8217;espaces naturels de renomm\u00e9e r\u00e9gionale et d&#8217;itin\u00e9raires r\u00e9put\u00e9s \u00e0 proximit\u00e9, tels que le Coll de Rates, Vall de Ebo et la Vall de Laguar.<\/p>\n<p>Malgr\u00e9 son atmosph\u00e8re paisible et rurale, l&#8217;emplacement est \u00e9tonnamment central. En environ 20 \u00e0 25 minutes, vous rejoindrez les grandes plages de sable fin de D\u00e9nia ou d&#8217;Oliva, ainsi que d&#8217;importants centres commerciaux et des infrastructures m\u00e9dicales modernes. De plus, les a\u00e9roports internationaux d&#8217;Alicante et de Valence sont facilement accessibles en un peu plus d&#8217;une heure de route.<\/p>\n<p>Informations compl\u00e9mentaires sur demande.<\/p>\n","protected":false},"excerpt":{"rendered":"<p>B&amp;B en pleine exploitation avec bar et appartement ind\u00e9pendant \u00e0 vendre \u00e0 Sagra Ce charmant Bed &amp; Breakfast de style rustique est situ\u00e9 au c\u0153ur du village authentique de Sagra, nich\u00e9 dans la magnifique vall\u00e9e d&#8217;Orba. Le B&amp;B est pleinement op\u00e9rationnel y g\u00e9n\u00e8re un rendement financier d\u00e9montrable. L&#8217;\u00e9tablissement fonctionne tout au long de l&#8217;ann\u00e9e selon [&hellip;]<\/p>\n","protected":false},"author":2,"featured_media":2082601,"parent":0,"menu_order":0,"template":"","property_type":[2456],"property_status":[2454],"property_feature":[2558,2460,2488,2705,2555,2777,2490],"property_label":[],"property_country":[2455],"property_state":[886],"property_city":[930],"property_area":[1407],"class_list":["post-2083493","property","type-property","status-publish","has-post-thumbnail","hentry","property_type-bien-commercial","property_status-revente-fr","property_feature-appartement-separe-fr","property_feature-balcon-fr-2","property_feature-climatisation-fr","property_feature-double-glass-fr","property_feature-meuble-fr","property_feature-panneaux-photovoltaiques","property_feature-stockage","property_country-espagne-fr","property_state-alicante-fr","property_city-sagra-fr","property_area-centrum-fr"],"property_meta":{"image_count":["0"],"_last_translation_edit_mode":["translation-editor"],"_wpml_media_duplicate":["1"],"_wpml_media_featured":["1"],"fave_featured":["0"],"houzez_featured_listing_date":[""],"fave_property_images":["2082599","2082604","2082609","2082614","2082619","2082624","2082629","2082634","2082639","2082644","2082649","2082654","2082659","2082664","2082669","2082674","2082679","2082684","2082689","2082694","2082699","2082704","2082709","2082714","2082719","2082724","2082729","2082734","2082739","2082744","2082749","2082754","2082759","2082764","2082769","2082774","2082779","2082784","2082789","2082794","2082799","2082804","2082809","2082814","2082819","2082824","2082829","2082834","2082839","2082844","2082849","2082854"],"fave_agent_display_option":["none"],"fave_single_top_area":["global"],"fave_afstand-tot-zee":["8000"],"fave_oric3abntatie":["Zuid"],"fave_verdiepingen":["3"],"_top_nav_excluded":[""],"_cms_nav_minihome":[""],"houzez_geolocation_lat":["38.811523147139"],"houzez_geolocation_long":["-0.065102490278131"],"_thumbnail_id":["2082601"],"_wpml_word_count":["520"],"houzez_total_property_views":["46"],"houzez_views_by_date":["a:18:{s:10:\"08-13-2026\";i:3;s:10:\"08-14-2026\";i:4;s:10:\"08-15-2026\";i:4;s:10:\"08-16-2026\";i:3;s:10:\"08-17-2026\";i:2;s:10:\"08-18-2026\";i:2;s:10:\"08-19-2026\";i:2;s:10:\"08-20-2026\";i:2;s:10:\"08-21-2026\";i:2;s:10:\"08-22-2026\";i:4;s:10:\"08-23-2026\";i:2;s:10:\"08-24-2026\";i:4;s:10:\"08-25-2026\";i:2;s:10:\"08-26-2026\";i:2;s:10:\"08-27-2026\";i:3;s:10:\"08-28-2026\";i:1;s:10:\"08-31-2026\";i:1;s:10:\"09-01-2026\";i:3;}"],"houzez_recently_viewed":["2026-09-01 14:08:18"],"_elementor_global_class_usage_indexed":["1"],"fave_property_price":["569000"],"fave_property_size":["426"],"fave_property_land":["180"],"fave_property_bedrooms":["6"],"fave_property_bathrooms":["6"],"fave_property_year":["2006"],"fave_property_id":["C4XY4674SAG"],"fave_property_map":["1"],"fave_property_map_address":["Sagra, la Marina Alta, Alacant \/ Alicante, Comunitat Valenciana, Espa\u00f1a"],"fave_property_location":["38.811523147139,-0.065102490278131,16"],"fave_property_map_street_view":["hide"],"fave_video_url":["https:\/\/youtu.be\/bOIDkXkqQHk"],"fave_prop_homeslider":["no"],"fave_uitzicht":["Montagne"],"fave_verwarming":["Climatisation chaud\/froid"],"fave_warmwatervoorziening":["Solar"],"fave_woningtype":["Commercial"],"fave_zwembad":["Non"],"_elementor_page_assets":["a:0:{}"]},"_links":{"self":[{"href":"https:\/\/backgroundproperties.com\/fr\/wp-json\/wp\/v2\/properties\/2083493","targetHints":{"allow":["GET"]}}],"collection":[{"href":"https:\/\/backgroundproperties.com\/fr\/wp-json\/wp\/v2\/properties"}],"about":[{"href":"https:\/\/backgroundproperties.com\/fr\/wp-json\/wp\/v2\/types\/property"}],"author":[{"embeddable":true,"href":"https:\/\/backgroundproperties.com\/fr\/wp-json\/wp\/v2\/users\/2"}],"version-history":[{"count":1,"href":"https:\/\/backgroundproperties.com\/fr\/wp-json\/wp\/v2\/properties\/2083493\/revisions"}],"predecessor-version":[{"id":2083508,"href":"https:\/\/backgroundproperties.com\/fr\/wp-json\/wp\/v2\/properties\/2083493\/revisions\/2083508"}],"wp:featuredmedia":[{"embeddable":true,"href":"https:\/\/backgroundproperties.com\/fr\/wp-json\/wp\/v2\/media\/2082601"}],"wp:attachment":[{"href":"https:\/\/backgroundproperties.com\/fr\/wp-json\/wp\/v2\/media?parent=2083493"}],"wp:term":[{"taxonomy":"property_type","embeddable":true,"href":"https:\/\/backgroundproperties.com\/fr\/wp-json\/wp\/v2\/property_type?post=2083493"},{"taxonomy":"property_status","embeddable":true,"href":"https:\/\/backgroundproperties.com\/fr\/wp-json\/wp\/v2\/property_status?post=2083493"},{"taxonomy":"property_feature","embeddable":true,"href":"https:\/\/backgroundproperties.com\/fr\/wp-json\/wp\/v2\/property_feature?post=2083493"},{"taxonomy":"property_label","embeddable":true,"href":"https:\/\/backgroundproperties.com\/fr\/wp-json\/wp\/v2\/property_label?post=2083493"},{"taxonomy":"property_country","embeddable":true,"href":"https:\/\/backgroundproperties.com\/fr\/wp-json\/wp\/v2\/property_country?post=2083493"},{"taxonomy":"property_state","embeddable":true,"href":"https:\/\/backgroundproperties.com\/fr\/wp-json\/wp\/v2\/property_state?post=2083493"},{"taxonomy":"property_city","embeddable":true,"href":"https:\/\/backgroundproperties.com\/fr\/wp-json\/wp\/v2\/property_city?post=2083493"},{"taxonomy":"property_area","embeddable":true,"href":"https:\/\/backgroundproperties.com\/fr\/wp-json\/wp\/v2\/property_area?post=2083493"}],"curies":[{"name":"wp","href":"https:\/\/api.w.org\/{rel}","templated":true}]}}

C4XY4674SAG B&#038;B en pleine exploitation avec bar et appartement indépendant à vendre à Sagra

<p>B&amp;B en pleine exploitation avec bar et appartement indépendant à vendre à Sagra</p>
<p>Ce charmant Bed &amp; Breakfast de style rustique est situé au cœur du village authentique de Sagra, niché dans la magnifique vallée d&#8217;Orba. Le B&amp;B est pleinement opérationnel y génère un rendement financier démontrable.</p>
<p>L&#8217;établissement fonctionne tout au long de l&#8217;année selon un modèle performant sur deux saisons. En hiver, il constitue un point de chute très prisé des cyclistes et des amateurs de tourisme actif, tandis qu&#8217;en été, il devient une destination de vacances populaire auprès des touristes espagnols. La propriété dispose de toutes les licences nécessaires, tant pour le B&amp;B que pour l&#8217;exploitation du bar.</p>
<p>Le rez-de-chaussée abrite un bar chaleureux avec un espace salle à manger, desservi par une cuisine entièrement équipée avec réserve. On y trouve également un espace détente commun convivial équipé d&#8217;une télévision, d&#8217;un poêle à granulés, d&#8217;un billard et de deux toilettes pour les clients.</p>
<p>Au premier étage se trouvent les chambres. Au total, la propriété compte 5 chambres spacieuses, chacune dotée de sa propre salle de bains en suite, offrant une capacité d&#8217;accueil maximale de 14 personnes.</p>
<p>Le dernier étage se compose d&#8217;un appartement indépendant comprenant un séjour, une cuisine, une chambre double avec salle de bains en suite et une grande terrasse partiellement couverte.</p>
<p>Le bien est équipé de double vitrage Climalit et de la climatisation réversible (chaud/froid) dans les zones principales. De plus, 18 panneaux solaires sont installés sur le toit, garantissant une excellente efficacité énergétique et des coûts d&#8217;exploitation nettement réduits.</p>
<p>Il est possible de louer une partie de la voie publique auprès de la mairie afin de créer une terrasse, ce qui, en combinaison avec le bar, permet d&#8217;augmenter considérablement la rentabilité.</p>
<p>Sagra est un village espagnol traditionnel où le rythme trépidant de la vie laisse place au calme et à la sérénité. Entouré par les impressionnantes montagnes de la vallée d&#8217;Orba et par de vastes champs d&#8217;orangers, Sagra offre une expérience méditerranéenne authentique.</p>
<p>Le village est réputé pour ses charmantes ruelles étroites et son centre historique. La région est un véritable paradis international pour les cyclistes et les randonneurs, bénéficiant d&#8217;espaces naturels de renommée régionale et d&#8217;itinéraires réputés à proximité, tels que le Coll de Rates, Vall de Ebo et la Vall de Laguar.</p>
<p>Malgré son atmosphère paisible et rurale, l&#8217;emplacement est étonnamment central. En environ 20 à 25 minutes, vous rejoindrez les grandes plages de sable fin de Dénia ou d&#8217;Oliva, ainsi que d&#8217;importants centres commerciaux et des infrastructures médicales modernes. De plus, les aéroports internationaux d&#8217;Alicante et de Valence sont facilement accessibles en un peu plus d&#8217;une heure de route.</p>
<p>Informations complémentaires sur demande.</p>

<p>B&amp;B en pleine exploitation avec bar et appartement indépendant à vendre à Sagra Ce charmant Bed &amp; Breakfast de style rustique est situé au cœur du village authentique de Sagra, niché dans la magnifique vallée d&#8217;Orba. Le B&amp;B est pleinement opérationnel y génère un rendement financier démontrable. L&#8217;établissement fonctionne tout au long de l&#8217;année selon [&hellip;]</p>

Sagra, la Marina Alta, Alacant / Alicante, Comunitat Valenciana, España
