{"id":2083924,"date":"2026-08-17T09:51:30","date_gmt":"2026-08-17T07:51:30","guid":{"rendered":"https:\/\/backgroundproperties.com\/property\/c4xy4675jal-villa-con-espaciosa-casa-de-huespedes-y-vistas-panoramicas-en-venta-en-la-almazara-jalon\/"},"modified":"2026-08-18T13:44:09","modified_gmt":"2026-08-18T11:44:09","slug":"c4xy4675jal-villa-con-espaciosa-casa-de-huespedes-y-vistas-panoramicas-en-venta-en-la-almazara-jalon","status":"publish","type":"property","link":"https:\/\/backgroundproperties.com\/es\/property\/c4xy4675jal-villa-con-espaciosa-casa-de-huespedes-y-vistas-panoramicas-en-venta-en-la-almazara-jalon\/","title":{"rendered":"C4XY4675JAL Villa con espaciosa casa de hu\u00e9spedes y vistas panor\u00e1micas en venta en La Almazara, Jal\u00f3n"},"content":{"rendered":"<p>Villa con apartamento de invitados y vistas panor\u00e1micas en venta en Jal\u00f3n<\/p>\n<p>Esta villa de estilo tradicional se encuentra en la tranquila urbanizaci\u00f3n Almazara, a corta distancia del encantador y animado pueblo de Jal\u00f3n. La vivienda ofrece vistas panor\u00e1micas al impresionante Valle de Jal\u00f3n y a las monta\u00f1as circundantes, incluyendo el famoso Coll de Rates.<\/p>\n<p>Una puerta autom\u00e1tica da acceso a la parcela provista de carril cubierto de aparcamiento (carport). Desde la zona de parking, unos pocos pasos le llevan a la entrada principal. Al entrar se accede al recibidor de la planta principal. A la izquierda se sit\u00faan un ba\u00f1o y un dormitorio doble. Continuando por el pasillo se encuentran un dormitorio individual y el dormitorio principal con ba\u00f1o en suite. El pasillo conduce a un luminoso sal\u00f3n con cocina semiabierta adyacente. Desde el sal\u00f3n se accede a la naya acristalada, el lugar ideal para comer c\u00f3modamente incluso en invierno contemplando el paisaje. Junto a la naya hay una amplia terraza con escaleras que conectan directamente con la zona de la piscina.<\/p>\n<p>La planta baja alberga un apartamento independiente para invitados que consta de sal\u00f3n-comedor, cocina semiabierta, dos dormitorios, un ba\u00f1o y un trastero. Este apartamento cuenta adem\u00e1s con su propia terraza cubierta. Asimismo, dispone de un espacio multifuncional con entrada independiente, perfecto para oficina, dormitorio de invitados adicional o gimnasio.<\/p>\n<p>En el exterior se encuentra la piscina privada de 4&#215;8 metros rodeada de una solana con vistas a las monta\u00f1as y una cocina de verano adyacente. En la parte baja del jard\u00edn hay una pista de petanca, una p\u00e9rgola y un jard\u00edn de bajo mantenimiento con cactus y vegetaci\u00f3n mediterr\u00e1nea.<\/p>\n<p>El Valle de Jal\u00f3n (Vall de Pop) es conocido por su naturaleza, sus almendros en flor y su cultura vitivin\u00edcola. Jal\u00f3n es un pueblo con car\u00e1cter que cuenta con todos los servicios diarios, plazas animadas, bodegas tradicionales y su famoso rastro semanal. Rodeado de monta\u00f1as, es un para\u00edso para senderistas y ciclistas. Adem\u00e1s, las playas de arena de D\u00e9nia, J\u00e1vea y Calpe se encuentran a unos 20 o 25 minutos en coche.<\/p>\n","protected":false},"excerpt":{"rendered":"<p>Villa con apartamento de invitados y vistas panor\u00e1micas en venta en Jal\u00f3n Esta villa de estilo tradicional se encuentra en la tranquila urbanizaci\u00f3n Almazara, a corta distancia del encantador y animado pueblo de Jal\u00f3n. La vivienda ofrece vistas panor\u00e1micas al impresionante Valle de Jal\u00f3n y a las monta\u00f1as circundantes, incluyendo el famoso Coll de Rates. [&hellip;]<\/p>\n","protected":false},"author":33,"featured_media":2083642,"parent":0,"menu_order":0,"template":"","property_type":[858],"property_status":[2468],"property_feature":[2472,2496,2473,2572,2553,2522,2101,2474,2134,2497,2952,2100],"property_label":[],"property_country":[2469],"property_state":[885],"property_city":[1017],"property_area":[3051],"class_list":["post-2083924","property","type-property","status-publish","has-post-thumbnail","hentry","property_type-villa-es","property_status-reventa-es","property_feature-alarma-es","property_feature-armarios-empotrados-es","property_feature-balcon-es","property_feature-cochera-es","property_feature-cocina-exterior","property_feature-jardin-es","property_feature-rolluiken-es","property_feature-piscina-es","property_feature-separaat-appartement-es","property_feature-puerta-automatica-es","property_feature-terras","property_feature-opslagruimte-es","property_country-espana-bien","property_state-alicante-es","property_city-jalon-es","property_area-la-almazara"],"property_meta":{"image_count":["0"],"_last_translation_edit_mode":["translation-editor"],"_wpml_media_duplicate":["1"],"_wpml_media_featured":["1"],"fave_featured":["0"],"houzez_featured_listing_date":[""],"fave_property_images":["2083638","2083643","2083648","2083653","2083658","2083663","2083668","2083673","2083678","2083683","2083688","2083693","2083698","2083703","2083708","2083713","2083718","2083723","2083728","2083733","2083738","2083743","2083748","2083753","2083758","2083763","2083768","2083773","2083778","2083783","2083788","2083793","2083798","2083808","2083813","2083818","2083823","2083828","2083833","2083838","2083843","2083848","2083853","2083858","2083863","2083868","2083873","2083878","2083883","2083888","2083893","2083898","2083903","2083908","2083913"],"fave_agent_display_option":["none"],"fave_single_top_area":["global"],"_top_nav_excluded":[""],"_cms_nav_minihome":[""],"houzez_geolocation_lat":["38.753012320665"],"houzez_geolocation_long":["-0.028839111328125"],"_thumbnail_id":["2083642"],"_wpml_word_count":["379"],"houzez_total_property_views":["36"],"houzez_views_by_date":["a:16:{s:10:\"08-17-2026\";i:5;s:10:\"08-18-2026\";i:2;s:10:\"08-19-2026\";i:2;s:10:\"08-20-2026\";i:1;s:10:\"08-21-2026\";i:1;s:10:\"08-22-2026\";i:2;s:10:\"08-23-2026\";i:4;s:10:\"08-24-2026\";i:2;s:10:\"08-25-2026\";i:5;s:10:\"08-26-2026\";i:1;s:10:\"08-27-2026\";i:2;s:10:\"08-28-2026\";i:2;s:10:\"08-29-2026\";i:1;s:10:\"08-30-2026\";i:1;s:10:\"08-31-2026\";i:1;s:10:\"09-01-2026\";i:4;}"],"houzez_recently_viewed":["2026-09-01 15:00:26"],"_elementor_global_class_usage_indexed":["1"],"fave_property_price":["599000"],"fave_property_size":["229"],"fave_property_bedrooms":["5"],"fave_property_bathrooms":["3"],"fave_property_garage":["1"],"fave_property_year":["2003"],"fave_property_id":["C4XY4675JAL"],"fave_property_map":["1"],"fave_property_map_address":["Xal\u00f3, la Marina Alta, Alacant \/ Alicante, Comunitat Valenciana, 03727, Espa\u00f1a"],"fave_property_location":["38.753012320665,-0.028839111328125,14"],"fave_property_map_street_view":["hide"],"fave_video_url":["https:\/\/youtu.be\/eBMx5fgiiP0"],"fave_prop_homeslider":["no"],"fave_afstand-tot-zee":["15000"],"fave_oric3abntatie":["Sureste"],"fave_terrein":["Pronunciada"],"fave_uitzicht":["Monta\u00f1a"],"fave_verdiepingen":["2"],"fave_woningtype":["Villa"],"fave_zwembad":["Privado"],"fave_zwembad-afmetingen":["4x8m"],"fave_constructie":["Cl\u00e1sico"],"fave_gebruiksopp-woning":["173"],"_elementor_page_assets":["a:0:{}"]},"_links":{"self":[{"href":"https:\/\/backgroundproperties.com\/es\/wp-json\/wp\/v2\/properties\/2083924","targetHints":{"allow":["GET"]}}],"collection":[{"href":"https:\/\/backgroundproperties.com\/es\/wp-json\/wp\/v2\/properties"}],"about":[{"href":"https:\/\/backgroundproperties.com\/es\/wp-json\/wp\/v2\/types\/property"}],"author":[{"embeddable":true,"href":"https:\/\/backgroundproperties.com\/es\/wp-json\/wp\/v2\/users\/33"}],"version-history":[{"count":1,"href":"https:\/\/backgroundproperties.com\/es\/wp-json\/wp\/v2\/properties\/2083924\/revisions"}],"predecessor-version":[{"id":2084119,"href":"https:\/\/backgroundproperties.com\/es\/wp-json\/wp\/v2\/properties\/2083924\/revisions\/2084119"}],"wp:featuredmedia":[{"embeddable":true,"href":"https:\/\/backgroundproperties.com\/es\/wp-json\/wp\/v2\/media\/2083642"}],"wp:attachment":[{"href":"https:\/\/backgroundproperties.com\/es\/wp-json\/wp\/v2\/media?parent=2083924"}],"wp:term":[{"taxonomy":"property_type","embeddable":true,"href":"https:\/\/backgroundproperties.com\/es\/wp-json\/wp\/v2\/property_type?post=2083924"},{"taxonomy":"property_status","embeddable":true,"href":"https:\/\/backgroundproperties.com\/es\/wp-json\/wp\/v2\/property_status?post=2083924"},{"taxonomy":"property_feature","embeddable":true,"href":"https:\/\/backgroundproperties.com\/es\/wp-json\/wp\/v2\/property_feature?post=2083924"},{"taxonomy":"property_label","embeddable":true,"href":"https:\/\/backgroundproperties.com\/es\/wp-json\/wp\/v2\/property_label?post=2083924"},{"taxonomy":"property_country","embeddable":true,"href":"https:\/\/backgroundproperties.com\/es\/wp-json\/wp\/v2\/property_country?post=2083924"},{"taxonomy":"property_state","embeddable":true,"href":"https:\/\/backgroundproperties.com\/es\/wp-json\/wp\/v2\/property_state?post=2083924"},{"taxonomy":"property_city","embeddable":true,"href":"https:\/\/backgroundproperties.com\/es\/wp-json\/wp\/v2\/property_city?post=2083924"},{"taxonomy":"property_area","embeddable":true,"href":"https:\/\/backgroundproperties.com\/es\/wp-json\/wp\/v2\/property_area?post=2083924"}],"curies":[{"name":"wp","href":"https:\/\/api.w.org\/{rel}","templated":true}]}}

C4XY4675JAL Villa con espaciosa casa de huéspedes y vistas panorámicas en venta en La Almazara, Jalón

<p>Villa con apartamento de invitados y vistas panorámicas en venta en Jalón</p>
<p>Esta villa de estilo tradicional se encuentra en la tranquila urbanización Almazara, a corta distancia del encantador y animado pueblo de Jalón. La vivienda ofrece vistas panorámicas al impresionante Valle de Jalón y a las montañas circundantes, incluyendo el famoso Coll de Rates.</p>
<p>Una puerta automática da acceso a la parcela provista de carril cubierto de aparcamiento (carport). Desde la zona de parking, unos pocos pasos le llevan a la entrada principal. Al entrar se accede al recibidor de la planta principal. A la izquierda se sitúan un baño y un dormitorio doble. Continuando por el pasillo se encuentran un dormitorio individual y el dormitorio principal con baño en suite. El pasillo conduce a un luminoso salón con cocina semiabierta adyacente. Desde el salón se accede a la naya acristalada, el lugar ideal para comer cómodamente incluso en invierno contemplando el paisaje. Junto a la naya hay una amplia terraza con escaleras que conectan directamente con la zona de la piscina.</p>
<p>La planta baja alberga un apartamento independiente para invitados que consta de salón-comedor, cocina semiabierta, dos dormitorios, un baño y un trastero. Este apartamento cuenta además con su propia terraza cubierta. Asimismo, dispone de un espacio multifuncional con entrada independiente, perfecto para oficina, dormitorio de invitados adicional o gimnasio.</p>
<p>En el exterior se encuentra la piscina privada de 4&#215;8 metros rodeada de una solana con vistas a las montañas y una cocina de verano adyacente. En la parte baja del jardín hay una pista de petanca, una pérgola y un jardín de bajo mantenimiento con cactus y vegetación mediterránea.</p>
<p>El Valle de Jalón (Vall de Pop) es conocido por su naturaleza, sus almendros en flor y su cultura vitivinícola. Jalón es un pueblo con carácter que cuenta con todos los servicios diarios, plazas animadas, bodegas tradicionales y su famoso rastro semanal. Rodeado de montañas, es un paraíso para senderistas y ciclistas. Además, las playas de arena de Dénia, Jávea y Calpe se encuentran a unos 20 o 25 minutos en coche.</p>

<p>Villa con apartamento de invitados y vistas panorámicas en venta en Jalón Esta villa de estilo tradicional se encuentra en la tranquila urbanización Almazara, a corta distancia del encantador y animado pueblo de Jalón. La vivienda ofrece vistas panorámicas al impresionante Valle de Jalón y a las montañas circundantes, incluyendo el famoso Coll de Rates. [&hellip;]</p>

Xaló, la Marina Alta, Alacant / Alicante, Comunitat Valenciana, 03727, España

Montaña

Clásico
