{"id":2083491,"date":"2026-08-13T10:27:29","date_gmt":"2026-08-13T08:27:29","guid":{"rendered":"https:\/\/backgroundproperties.com\/property\/c4xy4674sag-bb-en-pleno-funcionamiento-con-bar-y-apartamento-independiente-en-venta-en-sagra\/"},"modified":"2026-08-13T12:19:51","modified_gmt":"2026-08-13T10:19:51","slug":"c4xy4674sag-bb-en-pleno-funcionamiento-con-bar-y-apartamento-independiente-en-venta-en-sagra","status":"publish","type":"property","link":"https:\/\/backgroundproperties.com\/es\/property\/c4xy4674sag-bb-en-pleno-funcionamiento-con-bar-y-apartamento-independiente-en-venta-en-sagra\/","title":{"rendered":"C4XY4674SAG B&#038;B en pleno funcionamiento con bar y apartamento independiente en venta en Sagra"},"content":{"rendered":"<p>B&amp;B en pleno funcionamiento con bar y apartamento independiente en venta en Sagra<\/p>\n<p>Este bonito y r\u00fastico Bed &amp; Breakfast se encuentra en el centro del aut\u00e9ntico pueblo de Sagra, situado en el pintoresco Valle de Orba. El B&amp;B est\u00e1 totalmente operativo y cuenta con ingresos demostrables.<\/p>\n<p>El negocio funciona durante todo el a\u00f1o gracias a un exitoso modelo de doble temporada. En invierno es una base muy demandada por ciclistas y amantes del turismo activo, mientras que en verano es un destino vacacional muy popular para el turismo nacional. La propiedad dispone de todas las licencias necesarias, tanto para la actividad de B&amp;B como para el funcionamiento del bar.<\/p>\n<p>La planta baja alberga un acogedor bar con zona de comedor, complementado por una cocina completamente equipada con despensa. Adem\u00e1s, dispone de un agradable sal\u00f3n com\u00fan con televisi\u00f3n, estufa de pellets, mesa de billar y dos aseos para clientes.<\/p>\n<p>En la primera planta se sit\u00faa la zona de alojamiento. Cuenta con un total de 5 amplias habitaciones, cada una con su propio ba\u00f1o en suite, con una capacidad m\u00e1xima total para 14 personas.<\/p>\n<p>La planta superior alberga un apartamento independiente compuesto por sal\u00f3n-comedor, cocina, un dormitorio doble con ba\u00f1o en suite y una amplia terraza parcialmente cubierta.<\/p>\n<p>La propiedad est\u00e1 equipada con ventanas de doble acristalamiento Climalit, aire acondicionado fr\u00edo\/calor en las zonas principales y dos estufas de pellet. Adem\u00e1s, cuenta con 18 placas solares en el tejado, lo que garantiza una excelente eficiencia energ\u00e9tica y un ahorro considerable en los costes de consumo.<\/p>\n<p>Existe la posibilidad de alquilar una parte de la v\u00eda p\u00fablica al ayuntamiento para instalar una terraza, lo que, combinado con el bar, puede aumentar considerablemente la rentabilidad.<\/p>\n<p>Sagra es un pueblo tradicional espa\u00f1ol donde el ajetreo diario da paso a la tranquilidad y el espacio. Rodeado por las impresionantes monta\u00f1as del Valle de Orba y extensos campos de naranjos, Sagra ofrece una experiencia mediterr\u00e1nea aut\u00e9ntica.<\/p>\n<p>El municipio destaca por sus encantadoras calles estrechas y su casco hist\u00f3rico. La regi\u00f3n es un referente internacional para ciclistas y senderistas, con parajes naturales de gran renombre regional y rutas de gran atractivo a poca distancia, como el Coll de Rates, Vall de Ebo y la Vall de Laguar.<\/p>\n<p>A pesar de su entorno tranquilo y rural, su ubicaci\u00f3n es sorprendentemente central. En unos 20 a 25 minutos se accede a las amplias playas de arena de D\u00e9nia u Oliva, as\u00ed como a grandes centros comerciales y modernos servicios m\u00e9dicos. Asimismo, los aeropuertos internacionales de Alicante y Valencia se encuentran a poco m\u00e1s de una hora en coche.<\/p>\n<p>M\u00e1s informaci\u00f3n bajo petici\u00f3n.<\/p>\n","protected":false},"excerpt":{"rendered":"<p>B&amp;B en pleno funcionamiento con bar y apartamento independiente en venta en Sagra Este bonito y r\u00fastico Bed &amp; Breakfast se encuentra en el centro del aut\u00e9ntico pueblo de Sagra, situado en el pintoresco Valle de Orba. El B&amp;B est\u00e1 totalmente operativo y cuenta con ingresos demostrables. El negocio funciona durante todo el a\u00f1o gracias [&hellip;]<\/p>\n","protected":false},"author":2,"featured_media":2082603,"parent":0,"menu_order":0,"template":"","property_type":[2470],"property_status":[2468],"property_feature":[2495,2566,2473,2709,2775,2134,2100],"property_label":[],"property_country":[2469],"property_state":[885],"property_city":[929],"property_area":[1406],"class_list":["post-2083491","property","type-property","status-publish","has-post-thumbnail","hentry","property_type-local-comercial","property_status-reventa-es","property_feature-aire-acondicionado-es","property_feature-amueblado-es","property_feature-balcon-es","property_feature-double-glass-es","property_feature-fotovoltaische-panelen-es","property_feature-separaat-appartement-es","property_feature-opslagruimte-es","property_country-espana-bien","property_state-alicante-es","property_city-sagra-es","property_area-centrum-es"],"property_meta":{"image_count":["0"],"_last_translation_edit_mode":["translation-editor"],"_wpml_media_duplicate":["1"],"_wpml_media_featured":["1"],"fave_featured":["0"],"houzez_featured_listing_date":[""],"fave_property_images":["2082599","2082604","2082609","2082614","2082619","2082624","2082629","2082634","2082639","2082644","2082649","2082654","2082659","2082664","2082669","2082674","2082679","2082684","2082689","2082694","2082699","2082704","2082709","2082714","2082719","2082724","2082729","2082734","2082739","2082744","2082749","2082754","2082759","2082764","2082769","2082774","2082779","2082784","2082789","2082794","2082799","2082804","2082809","2082814","2082819","2082824","2082829","2082834","2082839","2082844","2082849","2082854"],"fave_agent_display_option":["none"],"fave_single_top_area":["global"],"fave_afstand-tot-zee":["8000"],"fave_oric3abntatie":["Zuid"],"fave_verdiepingen":["3"],"_top_nav_excluded":[""],"_cms_nav_minihome":[""],"houzez_geolocation_lat":["38.811523147139"],"houzez_geolocation_long":["-0.065102490278131"],"_thumbnail_id":["2082603"],"_wpml_word_count":["472"],"houzez_total_property_views":["46"],"houzez_views_by_date":["a:20:{s:10:\"08-13-2026\";i:2;s:10:\"08-14-2026\";i:4;s:10:\"08-15-2026\";i:1;s:10:\"08-16-2026\";i:3;s:10:\"08-17-2026\";i:2;s:10:\"08-18-2026\";i:2;s:10:\"08-19-2026\";i:2;s:10:\"08-20-2026\";i:3;s:10:\"08-21-2026\";i:1;s:10:\"08-22-2026\";i:2;s:10:\"08-23-2026\";i:3;s:10:\"08-24-2026\";i:2;s:10:\"08-25-2026\";i:5;s:10:\"08-26-2026\";i:3;s:10:\"08-27-2026\";i:2;s:10:\"08-28-2026\";i:1;s:10:\"08-29-2026\";i:1;s:10:\"08-30-2026\";i:1;s:10:\"08-31-2026\";i:2;s:10:\"09-01-2026\";i:4;}"],"houzez_recently_viewed":["2026-09-01 15:00:28"],"_elementor_global_class_usage_indexed":["1"],"fave_property_price":["569000"],"fave_property_size":["426"],"fave_property_land":["180"],"fave_property_bedrooms":["6"],"fave_property_bathrooms":["6"],"fave_property_year":["2006"],"fave_property_id":["C4XY4674SAG"],"fave_property_map":["1"],"fave_property_map_address":["Sagra, la Marina Alta, Alacant \/ Alicante, Comunitat Valenciana, Espa\u00f1a"],"fave_property_location":["38.811523147139,-0.065102490278131,16"],"fave_property_map_street_view":["hide"],"fave_video_url":["https:\/\/youtu.be\/bOIDkXkqQHk"],"fave_prop_homeslider":["no"],"fave_uitzicht":["Monta\u00f1a"],"fave_verwarming":["Aire acondicionado fr\u00edo\/calor"],"fave_warmwatervoorziening":["Solar"],"fave_woningtype":["Comercial"],"fave_zwembad":["No"],"_elementor_page_assets":["a:0:{}"]},"_links":{"self":[{"href":"https:\/\/backgroundproperties.com\/es\/wp-json\/wp\/v2\/properties\/2083491","targetHints":{"allow":["GET"]}}],"collection":[{"href":"https:\/\/backgroundproperties.com\/es\/wp-json\/wp\/v2\/properties"}],"about":[{"href":"https:\/\/backgroundproperties.com\/es\/wp-json\/wp\/v2\/types\/property"}],"author":[{"embeddable":true,"href":"https:\/\/backgroundproperties.com\/es\/wp-json\/wp\/v2\/users\/2"}],"version-history":[{"count":1,"href":"https:\/\/backgroundproperties.com\/es\/wp-json\/wp\/v2\/properties\/2083491\/revisions"}],"predecessor-version":[{"id":2083510,"href":"https:\/\/backgroundproperties.com\/es\/wp-json\/wp\/v2\/properties\/2083491\/revisions\/2083510"}],"wp:featuredmedia":[{"embeddable":true,"href":"https:\/\/backgroundproperties.com\/es\/wp-json\/wp\/v2\/media\/2082603"}],"wp:attachment":[{"href":"https:\/\/backgroundproperties.com\/es\/wp-json\/wp\/v2\/media?parent=2083491"}],"wp:term":[{"taxonomy":"property_type","embeddable":true,"href":"https:\/\/backgroundproperties.com\/es\/wp-json\/wp\/v2\/property_type?post=2083491"},{"taxonomy":"property_status","embeddable":true,"href":"https:\/\/backgroundproperties.com\/es\/wp-json\/wp\/v2\/property_status?post=2083491"},{"taxonomy":"property_feature","embeddable":true,"href":"https:\/\/backgroundproperties.com\/es\/wp-json\/wp\/v2\/property_feature?post=2083491"},{"taxonomy":"property_label","embeddable":true,"href":"https:\/\/backgroundproperties.com\/es\/wp-json\/wp\/v2\/property_label?post=2083491"},{"taxonomy":"property_country","embeddable":true,"href":"https:\/\/backgroundproperties.com\/es\/wp-json\/wp\/v2\/property_country?post=2083491"},{"taxonomy":"property_state","embeddable":true,"href":"https:\/\/backgroundproperties.com\/es\/wp-json\/wp\/v2\/property_state?post=2083491"},{"taxonomy":"property_city","embeddable":true,"href":"https:\/\/backgroundproperties.com\/es\/wp-json\/wp\/v2\/property_city?post=2083491"},{"taxonomy":"property_area","embeddable":true,"href":"https:\/\/backgroundproperties.com\/es\/wp-json\/wp\/v2\/property_area?post=2083491"}],"curies":[{"name":"wp","href":"https:\/\/api.w.org\/{rel}","templated":true}]}}

<p>B&amp;B en pleno funcionamiento con bar y apartamento independiente en venta en Sagra</p>
<p>Este bonito y rústico Bed &amp; Breakfast se encuentra en el centro del auténtico pueblo de Sagra, situado en el pintoresco Valle de Orba. El B&amp;B está totalmente operativo y cuenta con ingresos demostrables.</p>
<p>El negocio funciona durante todo el año gracias a un exitoso modelo de doble temporada. En invierno es una base muy demandada por ciclistas y amantes del turismo activo, mientras que en verano es un destino vacacional muy popular para el turismo nacional. La propiedad dispone de todas las licencias necesarias, tanto para la actividad de B&amp;B como para el funcionamiento del bar.</p>
<p>La planta baja alberga un acogedor bar con zona de comedor, complementado por una cocina completamente equipada con despensa. Además, dispone de un agradable salón común con televisión, estufa de pellets, mesa de billar y dos aseos para clientes.</p>
<p>En la primera planta se sitúa la zona de alojamiento. Cuenta con un total de 5 amplias habitaciones, cada una con su propio baño en suite, con una capacidad máxima total para 14 personas.</p>
<p>La planta superior alberga un apartamento independiente compuesto por salón-comedor, cocina, un dormitorio doble con baño en suite y una amplia terraza parcialmente cubierta.</p>
<p>La propiedad está equipada con ventanas de doble acristalamiento Climalit, aire acondicionado frío/calor en las zonas principales y dos estufas de pellet. Además, cuenta con 18 placas solares en el tejado, lo que garantiza una excelente eficiencia energética y un ahorro considerable en los costes de consumo.</p>
<p>Existe la posibilidad de alquilar una parte de la vía pública al ayuntamiento para instalar una terraza, lo que, combinado con el bar, puede aumentar considerablemente la rentabilidad.</p>
<p>Sagra es un pueblo tradicional español donde el ajetreo diario da paso a la tranquilidad y el espacio. Rodeado por las impresionantes montañas del Valle de Orba y extensos campos de naranjos, Sagra ofrece una experiencia mediterránea auténtica.</p>
<p>El municipio destaca por sus encantadoras calles estrechas y su casco histórico. La región es un referente internacional para ciclistas y senderistas, con parajes naturales de gran renombre regional y rutas de gran atractivo a poca distancia, como el Coll de Rates, Vall de Ebo y la Vall de Laguar.</p>
<p>A pesar de su entorno tranquilo y rural, su ubicación es sorprendentemente central. En unos 20 a 25 minutos se accede a las amplias playas de arena de Dénia u Oliva, así como a grandes centros comerciales y modernos servicios médicos. Asimismo, los aeropuertos internacionales de Alicante y Valencia se encuentran a poco más de una hora en coche.</p>
<p>Más información bajo petición.</p>

<p>B&amp;B en pleno funcionamiento con bar y apartamento independiente en venta en Sagra Este bonito y rústico Bed &amp; Breakfast se encuentra en el centro del auténtico pueblo de Sagra, situado en el pintoresco Valle de Orba. El B&amp;B está totalmente operativo y cuenta con ingresos demostrables. El negocio funciona durante todo el año gracias [&hellip;]</p>

Sagra, la Marina Alta, Alacant / Alicante, Comunitat Valenciana, España

Montaña

Aire acondicionado frío/calor
