{"id":2083180,"date":"2026-08-07T14:23:01","date_gmt":"2026-08-07T12:23:01","guid":{"rendered":"https:\/\/backgroundproperties.com\/property\/c4xy8344cal-villa-adosada-a-la-venta-en-calpe\/"},"modified":"2026-08-07T14:23:01","modified_gmt":"2026-08-07T12:23:01","slug":"c4xy8344cal-villa-adosada-a-la-venta-en-calpe","status":"publish","type":"property","link":"https:\/\/backgroundproperties.com\/es\/property\/c4xy8344cal-villa-adosada-a-la-venta-en-calpe\/","title":{"rendered":"C4XY8344CAL Villa Adosada a la venta en Calpe."},"content":{"rendered":"<p>Villa adosada en Calpe que ofrece un refugio donde la arquitectura y el entorno natural se fusionan en perfecta armon\u00eda. La vivienda despliega su vida social en la planta principal, presidida por un sal\u00f3n-comedor amplio y ba\u00f1ado por la luz mediterr\u00e1nea. A su lado, la cocina totalmente equipada est\u00e1 lista para dar vida a cualquier experiencia culinaria, mientras que la gran terraza principal se convierte en el verdadero mirador de la casa, regalando vistas panor\u00e1micas deslumbrantes a las majestuosas monta\u00f1as que abrazan el municipio.<\/p>\n<p>Descendiendo a la planta baja se encuentra la zona de descanso, dise\u00f1ada para la privacidad y el confort. Aqu\u00ed se distribuyen tres acogedores dormitorios y dos ba\u00f1os completos, conectando directamente con un jard\u00edn privado ideal para disfrutar de la brisa atardecida, leer al aire libre o cultivar un rinc\u00f3n verde propio.<\/p>\n<p>El estilo de vida de la propiedad se completa con cuidadas zonas comunes que incluyen una piscina comunitaria para los d\u00edas calurosos, una pista de p\u00e1del y la comodidad de contar con una plaza de aparcamiento justo en la puerta de casa.<\/p>\n<p>Ubicada en una de las joyas de la Costa Blanca, la vivienda se beneficia de todo lo que hace \u00fanica a Calpe: sus ic\u00f3nicas playas de arena fina y aguas cristalinas, el imponente Pe\u00f1\u00f3n de Ifach dominando el horizonte, un encantador casco antiguo repleto de historia y una gastronom\u00eda marinera de primer nivel. Un enclave que combina la tranquilidad de la monta\u00f1a con la energ\u00eda vibrante del mar Mediterr\u00e1neo.<\/p>\n","protected":false},"excerpt":{"rendered":"<p>Villa adosada en Calpe que ofrece un refugio donde la arquitectura y el entorno natural se fusionan en perfecta armon\u00eda. La vivienda despliega su vida social en la planta principal, presidida por un sal\u00f3n-comedor amplio y ba\u00f1ado por la luz mediterr\u00e1nea. A su lado, la cocina totalmente equipada est\u00e1 lista para dar vida a cualquier [&hellip;]<\/p>\n","protected":false},"author":35,"featured_media":2083024,"parent":0,"menu_order":0,"template":"","property_type":[858],"property_status":[2468],"property_feature":[2524,2472,2123,2496,2998,2519,2719,3005,2522,2833,2143,2101,2474,2987,2952],"property_label":[],"property_country":[2469],"property_state":[885],"property_city":[901],"property_area":[],"class_list":["post-2083180","property","type-property","status-publish","has-post-thumbnail","hentry","property_type-villa-es","property_status-reventa-es","property_feature-agua","property_feature-alarma-es","property_feature-riolering-es","property_feature-armarios-empotrados-es","property_feature-balcony","property_feature-doble-acristalamiento","property_feature-electricity-es","property_feature-fitted-wardrobes","property_feature-jardin-es","property_feature-parking-es","property_feature-patio-es","property_feature-rolluiken-es","property_feature-piscina-es","property_feature-pool","property_feature-terras","property_country-espana-bien","property_state-alicante-es","property_city-calpe-es"],"property_meta":{"image_count":["0"],"_last_translation_edit_mode":["translation-editor"],"_wpml_media_duplicate":["1"],"_wpml_media_featured":["1"],"fave_featured":["0"],"houzez_featured_listing_date":[""],"fave_property_images":["2083020","2083025","2083030","2083035","2083040","2083045","2083050","2083055","2083060","2083065","2083070","2083075","2083080","2083085","2083090","2083095","2083100","2083105","2083110","2083115","2083120","2083125","2083130","2083135","2083140","2083145","2083150","2083155","2083160","2083165","2083170"],"fave_agent_display_option":["none"],"fave_single_top_area":["global"],"fave_afstand-tot-zee":["7200"],"fave_ibi":["439"],"fave_oric3abntatie":["West"],"fave_verdiepingen":["2"],"fave_vereniging-van-eigenaren":["252"],"_top_nav_excluded":[""],"_cms_nav_minihome":[""],"fave_property_price":["340000"],"fave_property_size":["120"],"fave_property_bedrooms":["3"],"fave_property_bathrooms":["2"],"fave_property_garage":["1"],"fave_property_year":["2010"],"fave_property_id":["C4XY8344CAL"],"fave_property_map":["1"],"fave_property_map_address":["Tosal de la Cometa, Gran Sol, Urbanitzaci\u00f3 Les Cometes, Calp, la Marina Alta, Alacant \/ Alicante, Comunitat Valenciana, 03710, Espa\u00f1a"],"fave_property_location":["38.669488,0.0638728,15"],"houzez_geolocation_lat":["38.669488"],"houzez_geolocation_long":["0.0638728"],"fave_property_map_street_view":["hide"],"fave_video_url":["https:\/\/youtu.be\/fE3IQ3XGQRI"],"fave_prop_homeslider":["no"],"fave_energy_class":["B"],"fave_kitchen":["abierto"],"fave_terrein":["Ligeramente inclinada"],"fave_uitzicht":["Open","Monta\u00f1a"],"fave_woningtype":["Villa"],"fave_zwembad":["Com\u00fan"],"fave_constructie":["Tradicional"],"_thumbnail_id":["2083024"],"_wpml_word_count":["263"],"houzez_total_property_views":["53"],"houzez_views_by_date":["a:21:{s:10:\"08-07-2026\";i:5;s:10:\"08-08-2026\";i:2;s:10:\"08-09-2026\";i:2;s:10:\"08-10-2026\";i:5;s:10:\"08-11-2026\";i:2;s:10:\"08-12-2026\";i:2;s:10:\"08-13-2026\";i:3;s:10:\"08-14-2026\";i:4;s:10:\"08-15-2026\";i:5;s:10:\"08-16-2026\";i:1;s:10:\"08-17-2026\";i:2;s:10:\"08-20-2026\";i:3;s:10:\"08-21-2026\";i:2;s:10:\"08-22-2026\";i:2;s:10:\"08-23-2026\";i:1;s:10:\"08-24-2026\";i:3;s:10:\"08-25-2026\";i:3;s:10:\"08-26-2026\";i:1;s:10:\"08-27-2026\";i:2;s:10:\"08-30-2026\";i:1;s:10:\"09-01-2026\";i:2;}"],"houzez_recently_viewed":["2026-09-01 12:19:06"],"_elementor_global_class_usage_indexed":["1"],"_elementor_page_assets":["a:0:{}"]},"_links":{"self":[{"href":"https:\/\/backgroundproperties.com\/es\/wp-json\/wp\/v2\/properties\/2083180","targetHints":{"allow":["GET"]}}],"collection":[{"href":"https:\/\/backgroundproperties.com\/es\/wp-json\/wp\/v2\/properties"}],"about":[{"href":"https:\/\/backgroundproperties.com\/es\/wp-json\/wp\/v2\/types\/property"}],"author":[{"embeddable":true,"href":"https:\/\/backgroundproperties.com\/es\/wp-json\/wp\/v2\/users\/35"}],"version-history":[{"count":0,"href":"https:\/\/backgroundproperties.com\/es\/wp-json\/wp\/v2\/properties\/2083180\/revisions"}],"wp:featuredmedia":[{"embeddable":true,"href":"https:\/\/backgroundproperties.com\/es\/wp-json\/wp\/v2\/media\/2083024"}],"wp:attachment":[{"href":"https:\/\/backgroundproperties.com\/es\/wp-json\/wp\/v2\/media?parent=2083180"}],"wp:term":[{"taxonomy":"property_type","embeddable":true,"href":"https:\/\/backgroundproperties.com\/es\/wp-json\/wp\/v2\/property_type?post=2083180"},{"taxonomy":"property_status","embeddable":true,"href":"https:\/\/backgroundproperties.com\/es\/wp-json\/wp\/v2\/property_status?post=2083180"},{"taxonomy":"property_feature","embeddable":true,"href":"https:\/\/backgroundproperties.com\/es\/wp-json\/wp\/v2\/property_feature?post=2083180"},{"taxonomy":"property_label","embeddable":true,"href":"https:\/\/backgroundproperties.com\/es\/wp-json\/wp\/v2\/property_label?post=2083180"},{"taxonomy":"property_country","embeddable":true,"href":"https:\/\/backgroundproperties.com\/es\/wp-json\/wp\/v2\/property_country?post=2083180"},{"taxonomy":"property_state","embeddable":true,"href":"https:\/\/backgroundproperties.com\/es\/wp-json\/wp\/v2\/property_state?post=2083180"},{"taxonomy":"property_city","embeddable":true,"href":"https:\/\/backgroundproperties.com\/es\/wp-json\/wp\/v2\/property_city?post=2083180"},{"taxonomy":"property_area","embeddable":true,"href":"https:\/\/backgroundproperties.com\/es\/wp-json\/wp\/v2\/property_area?post=2083180"}],"curies":[{"name":"wp","href":"https:\/\/api.w.org\/{rel}","templated":true}]}}

<p>Villa adosada en Calpe que ofrece un refugio donde la arquitectura y el entorno natural se fusionan en perfecta armonía. La vivienda despliega su vida social en la planta principal, presidida por un salón-comedor amplio y bañado por la luz mediterránea. A su lado, la cocina totalmente equipada está lista para dar vida a cualquier experiencia culinaria, mientras que la gran terraza principal se convierte en el verdadero mirador de la casa, regalando vistas panorámicas deslumbrantes a las majestuosas montañas que abrazan el municipio.</p>
<p>Descendiendo a la planta baja se encuentra la zona de descanso, diseñada para la privacidad y el confort. Aquí se distribuyen tres acogedores dormitorios y dos baños completos, conectando directamente con un jardín privado ideal para disfrutar de la brisa atardecida, leer al aire libre o cultivar un rincón verde propio.</p>
<p>El estilo de vida de la propiedad se completa con cuidadas zonas comunes que incluyen una piscina comunitaria para los días calurosos, una pista de pádel y la comodidad de contar con una plaza de aparcamiento justo en la puerta de casa.</p>
<p>Ubicada en una de las joyas de la Costa Blanca, la vivienda se beneficia de todo lo que hace única a Calpe: sus icónicas playas de arena fina y aguas cristalinas, el imponente Peñón de Ifach dominando el horizonte, un encantador casco antiguo repleto de historia y una gastronomía marinera de primer nivel. Un enclave que combina la tranquilidad de la montaña con la energía vibrante del mar Mediterráneo.</p>

<p>Villa adosada en Calpe que ofrece un refugio donde la arquitectura y el entorno natural se fusionan en perfecta armonía. La vivienda despliega su vida social en la planta principal, presidida por un salón-comedor amplio y bañado por la luz mediterránea. A su lado, la cocina totalmente equipada está lista para dar vida a cualquier [&hellip;]</p>

Tosal de la Cometa, Gran Sol, Urbanització Les Cometes, Calp, la Marina Alta, Alacant / Alicante, Comunitat Valenciana, 03710, España

Montaña

Común
