{"id":2081496,"date":"2026-07-22T17:39:25","date_gmt":"2026-07-22T15:39:25","guid":{"rendered":"https:\/\/backgroundproperties.com\/property\/c4xy8342alt-villa-moderna-con-vistas-al-mar-y-a-la-montana-en-venta-en-altea\/"},"modified":"2026-07-22T17:48:41","modified_gmt":"2026-07-22T15:48:41","slug":"c4xy8342alt-villa-moderna-con-vistas-al-mar-y-a-la-montana-en-venta-en-altea","status":"publish","type":"property","link":"https:\/\/backgroundproperties.com\/es\/property\/c4xy8342alt-villa-moderna-con-vistas-al-mar-y-a-la-montana-en-venta-en-altea\/","title":{"rendered":"C4XY8342ALT Villa moderna con vistas al mar y a la monta\u00f1a en venta en Altea."},"content":{"rendered":"<p>Ubicada en la prestigiosa urbanizaci\u00f3n de Altea Hills, esta villa combina dise\u00f1o vanguardista, confort y tecnolog\u00eda en un entorno privilegiado con vistas al mar. Su arquitectura moderna destaca por amplios ventanales, espacios luminosos y acabados de alta calidad.<br \/>\nLa cocina de dise\u00f1o Dica, equipada con electrodom\u00e9sticos AEG, se integra a la perfecci\u00f3n con el sal\u00f3n-comedor de concepto abierto. Los ba\u00f1os, con sanitarios de Villeroy &#038; Boch y detalles sofisticados, reflejan el mismo nivel de excelencia.<br \/>\nLa villa cuenta con suelo radiante, climatizaci\u00f3n por aerotermia y un avanzado sistema de dom\u00f3tica, adem\u00e1s de placas solares para eficiencia energ\u00e9tica. En el exterior, una piscina climatizada, terrazas de porcel\u00e1nico y un jard\u00edn paisaj\u00edstico crean un oasis de relajaci\u00f3n.<br \/>\nEs mucho m\u00e1s que una casa; es un estilo de vida exclusivo en la Costa Blanca.<\/p>\n","protected":false},"excerpt":{"rendered":"<p>Ubicada en la prestigiosa urbanizaci\u00f3n de Altea Hills, esta villa combina dise\u00f1o vanguardista, confort y tecnolog\u00eda en un entorno privilegiado con vistas al mar. Su arquitectura moderna destaca por amplios ventanales, espacios luminosos y acabados de alta calidad. La cocina de dise\u00f1o Dica, equipada con electrodom\u00e9sticos AEG, se integra a la perfecci\u00f3n con el sal\u00f3n-comedor [&hellip;]<\/p>\n","protected":false},"author":35,"featured_media":2081261,"parent":0,"menu_order":0,"template":"","property_type":[858],"property_status":[2529],"property_feature":[2524,2710,2472,2496,2473,2567,2525,2957,2867,2709,2523,3005,2522,2833,2017,2987,2497,2521,3032,2892,2114,2103,2982,2541],"property_label":[],"property_country":[2469],"property_state":[885],"property_city":[905],"property_area":[1236],"class_list":["post-2081496","property","type-property","status-publish","has-post-thumbnail","hentry","property_type-villa-es","property_status-nueva-construccion-es","property_feature-agua","property_feature-air-conditioning-es","property_feature-alarma-es","property_feature-armarios-empotrados-es","property_feature-balcon-es","property_feature-barbacoa-es","property_feature-bomba-de-calor-es","property_feature-calefaccion-central-2","property_feature-domotica-es","property_feature-double-glass-es","property_feature-electricidad-es","property_feature-fitted-wardrobes","property_feature-jardin-es","property_feature-parking-es","property_feature-verwarmd-zwembad","property_feature-pool","property_feature-puerta-automatica-es","property_feature-riego-automatico-es","property_feature-separate-apartment","property_feature-sistema-de-ventilacion","property_feature-solarium-es","property_feature-terras-es","property_feature-underfloor-heating","property_feature-video-timbre","property_country-espana-bien","property_state-alicante-es","property_city-altea-es","property_area-altea-hills-es"],"property_meta":{"image_count":["0"],"_last_translation_edit_mode":["translation-editor"],"_wpml_media_duplicate":["1"],"_wpml_media_featured":["1"],"fave_featured":["0"],"houzez_featured_listing_date":[""],"fave_property_images":["2081242","2081247","2081252","2081257","2081262","2081267","2081272","2081277","2081282","2081287","2081292","2081297","2081302","2081307","2081312","2081317","2081322","2081327","2081332","2081337","2081342","2081347","2081352","2081357","2081362","2081367","2081372","2081377","2081382","2081387","2081392","2081397","2081402","2081407","2081412","2081417","2081422","2081427","2081432","2081437","2081442","2081447","2081452","2081457","2081462","2081467","2081472","2081477","2081482","2081487"],"fave_agent_display_option":["none"],"fave_single_top_area":["global"],"_top_nav_excluded":[""],"_cms_nav_minihome":[""],"houzez_geolocation_lat":["38.6402391"],"houzez_geolocation_long":["-0.0079735"],"_thumbnail_id":["2081261"],"_wpml_word_count":["160"],"fave_property_price":["2690000"],"fave_property_size":["390"],"fave_property_land":["1084"],"fave_property_bedrooms":["5"],"fave_property_bathrooms":["5"],"fave_property_garage":["1"],"fave_property_year":["2025"],"fave_property_id":["C4XY8342ALT"],"fave_property_map":["1"],"fave_property_map_address":["Carrer Oslo, Urbanitzaci\u00f3 Serra d'Altea, Altea, la Marina Baixa, Alacant \/ Alicante, Comunitat Valenciana, 03599, Espa\u00f1a"],"fave_property_location":["38.6402391,-0.0079735,15"],"fave_property_map_street_view":["hide"],"fave_video_url":["https:\/\/youtu.be\/FJGXgDUm_OY"],"fave_prop_homeslider":["no"],"houzez_total_property_views":["46"],"houzez_views_by_date":["a:26:{s:10:\"07-22-2026\";i:1;s:10:\"07-23-2026\";i:3;s:10:\"07-24-2026\";i:1;s:10:\"07-25-2026\";i:5;s:10:\"07-26-2026\";i:5;s:10:\"07-27-2026\";i:1;s:10:\"07-28-2026\";i:3;s:10:\"07-30-2026\";i:1;s:10:\"07-31-2026\";i:2;s:10:\"08-01-2026\";i:1;s:10:\"08-03-2026\";i:2;s:10:\"08-07-2026\";i:2;s:10:\"08-08-2026\";i:2;s:10:\"08-09-2026\";i:2;s:10:\"08-10-2026\";i:2;s:10:\"08-15-2026\";i:1;s:10:\"08-17-2026\";i:1;s:10:\"08-18-2026\";i:1;s:10:\"08-19-2026\";i:1;s:10:\"08-21-2026\";i:1;s:10:\"08-24-2026\";i:1;s:10:\"08-25-2026\";i:1;s:10:\"08-26-2026\";i:1;s:10:\"08-29-2026\";i:2;s:10:\"08-31-2026\";i:1;s:10:\"09-01-2026\";i:2;}"],"houzez_recently_viewed":["2026-09-01 15:00:22"],"_elementor_global_class_usage_indexed":["1"],"fave_afstand-tot-zee":["5300"],"fave_airconditioning":["Ja"],"fave_kitchen":["open"],"fave_oric3abntatie":["Zuid-west"],"fave_terrein":["Licht hellend"],"fave_type-terrein":["Licht hellend"],"fave_uitzicht":["Zee","Open","Berg","Dorp"],"fave_verdiepingen":["3"],"fave_verwarming":["Airconditioning warm\/koud"],"fave_warmwatervoorziening":["Solar + elektrisch"],"fave_woningtype":["Villa"],"fave_zwembad":["Priv\u00e9"],"fave_constructie":["Modern"],"fave_gebruiksopp-woning":["508"],"_edit_lock":["1785138349:35"],"_elementor_page_assets":["a:0:{}"]},"_links":{"self":[{"href":"https:\/\/backgroundproperties.com\/es\/wp-json\/wp\/v2\/properties\/2081496","targetHints":{"allow":["GET"]}}],"collection":[{"href":"https:\/\/backgroundproperties.com\/es\/wp-json\/wp\/v2\/properties"}],"about":[{"href":"https:\/\/backgroundproperties.com\/es\/wp-json\/wp\/v2\/types\/property"}],"author":[{"embeddable":true,"href":"https:\/\/backgroundproperties.com\/es\/wp-json\/wp\/v2\/users\/35"}],"version-history":[{"count":1,"href":"https:\/\/backgroundproperties.com\/es\/wp-json\/wp\/v2\/properties\/2081496\/revisions"}],"predecessor-version":[{"id":2081505,"href":"https:\/\/backgroundproperties.com\/es\/wp-json\/wp\/v2\/properties\/2081496\/revisions\/2081505"}],"wp:featuredmedia":[{"embeddable":true,"href":"https:\/\/backgroundproperties.com\/es\/wp-json\/wp\/v2\/media\/2081261"}],"wp:attachment":[{"href":"https:\/\/backgroundproperties.com\/es\/wp-json\/wp\/v2\/media?parent=2081496"}],"wp:term":[{"taxonomy":"property_type","embeddable":true,"href":"https:\/\/backgroundproperties.com\/es\/wp-json\/wp\/v2\/property_type?post=2081496"},{"taxonomy":"property_status","embeddable":true,"href":"https:\/\/backgroundproperties.com\/es\/wp-json\/wp\/v2\/property_status?post=2081496"},{"taxonomy":"property_feature","embeddable":true,"href":"https:\/\/backgroundproperties.com\/es\/wp-json\/wp\/v2\/property_feature?post=2081496"},{"taxonomy":"property_label","embeddable":true,"href":"https:\/\/backgroundproperties.com\/es\/wp-json\/wp\/v2\/property_label?post=2081496"},{"taxonomy":"property_country","embeddable":true,"href":"https:\/\/backgroundproperties.com\/es\/wp-json\/wp\/v2\/property_country?post=2081496"},{"taxonomy":"property_state","embeddable":true,"href":"https:\/\/backgroundproperties.com\/es\/wp-json\/wp\/v2\/property_state?post=2081496"},{"taxonomy":"property_city","embeddable":true,"href":"https:\/\/backgroundproperties.com\/es\/wp-json\/wp\/v2\/property_city?post=2081496"},{"taxonomy":"property_area","embeddable":true,"href":"https:\/\/backgroundproperties.com\/es\/wp-json\/wp\/v2\/property_area?post=2081496"}],"curies":[{"name":"wp","href":"https:\/\/api.w.org\/{rel}","templated":true}]}}

C4XY8342ALT Villa moderna con vistas al mar y a la montaña en venta en Altea.

<p>Ubicada en la prestigiosa urbanización de Altea Hills, esta villa combina diseño vanguardista, confort y tecnología en un entorno privilegiado con vistas al mar. Su arquitectura moderna destaca por amplios ventanales, espacios luminosos y acabados de alta calidad.<br />
La cocina de diseño Dica, equipada con electrodomésticos AEG, se integra a la perfección con el salón-comedor de concepto abierto. Los baños, con sanitarios de Villeroy &#038; Boch y detalles sofisticados, reflejan el mismo nivel de excelencia.<br />
La villa cuenta con suelo radiante, climatización por aerotermia y un avanzado sistema de domótica, además de placas solares para eficiencia energética. En el exterior, una piscina climatizada, terrazas de porcelánico y un jardín paisajístico crean un oasis de relajación.<br />
Es mucho más que una casa; es un estilo de vida exclusivo en la Costa Blanca.</p>

<p>Ubicada en la prestigiosa urbanización de Altea Hills, esta villa combina diseño vanguardista, confort y tecnología en un entorno privilegiado con vistas al mar. Su arquitectura moderna destaca por amplios ventanales, espacios luminosos y acabados de alta calidad. La cocina de diseño Dica, equipada con electrodomésticos AEG, se integra a la perfección con el salón-comedor [&hellip;]</p>

Carrer Oslo, Urbanització Serra d'Altea, Altea, la Marina Baixa, Alacant / Alicante, Comunitat Valenciana, 03599, España

Privé
