{"id":2080308,"date":"2026-07-15T11:59:35","date_gmt":"2026-07-15T09:59:35","guid":{"rendered":"https:\/\/backgroundproperties.com\/property\/off4666jav-apartamento-reformado-en-venta-a-200-m-del-arenal-en-javea\/"},"modified":"2026-07-15T11:59:35","modified_gmt":"2026-07-15T09:59:35","slug":"off4666jav-apartamento-reformado-en-venta-a-200-m-del-arenal-en-javea","status":"publish","type":"property","link":"https:\/\/backgroundproperties.com\/es\/property\/off4666jav-apartamento-reformado-en-venta-a-200-m-del-arenal-en-javea\/","title":{"rendered":"OFF4666JAV Apartamento reformado en venta a 200 m del Arenal en J\u00e1vea."},"content":{"rendered":"<p>Apartamento mediterr\u00e1neo listo para entrar a vivir a la venta a 200 m de la playa de arena en J\u00e1vea<\/p>\n<p>Este apartamento de 88 metros cuadrados, recientemente reformado por completo, se encuentra en la segunda planta de una urbanizaci\u00f3n privada muy cotizada, segura y tranquila en la zona del Arenal, en J\u00e1vea. La vivienda ha sido modernizada con gran atenci\u00f3n al detalle y acabados de alta calidad, como paredes con aislamiento ac\u00fastico y un mobiliario de estreno en un estilo mediterr\u00e1neo premium. Gracias a su equipamiento completo, al aire acondicionado (fr\u00edo\/calor) y al doble acristalamiento en toda la vivienda, este apartamento est\u00e1 totalmente listo para alquilar o para entrar a vivir.<\/p>\n<p>La ubicaci\u00f3n es realmente inmejorable. Se encuentra a tan solo 200 metros de la playa, con un supermercado a la vuelta de la esquina y una pista de p\u00e1del justo detr\u00e1s del complejo. Adem\u00e1s, en solo 5 minutos a pie llegar\u00e1 a la animada zona del Arenal, conocida por su playa de arena, sus acogedores restaurantes y sus locales a pie de playa. Pr\u00e1cticamente no necesitar\u00e1 el coche para nada, aunque la vivienda dispone de su propia plaza de aparcamiento cubierta en el garaje comunitario, lo cual es una gran ventaja en J\u00e1vea.<\/p>\n<p>Al entrar por el elegante vest\u00edbulo, se percibe de inmediato la amplitud y la luminosidad de la vivienda. El recibidor conduce a un amplio sal\u00f3n con aire acondicionado que conecta perfectamente con un balc\u00f3n delantero orientado al norte, ideal para disfrutar de la agradable brisa marina. La cocina moderna, totalmente equipada, cuenta con electrodom\u00e9sticos de alta gama y dispone de un lavadero y despensa independientes muy pr\u00e1cticos. Para las visitas, hay un aseo de cortes\u00eda independiente en el pasillo, lo que garantiza la total privacidad de los dormitorios.<\/p>\n<p>La zona de noche consta de dos amplias suites principales. Ambos dormitorios ofrecen el m\u00e1ximo confort gracias a sus respectivos cuartos de ba\u00f1o abiertos en suite y aseos privados. El primer dormitorio cuenta adem\u00e1s con el lujo a\u00f1adido de una terraza privada.<\/p>\n<p>En resumen, un apartamento \u00fanico y sumamente confortable en una ubicaci\u00f3n privilegiada en J\u00e1vea. No deje escapar esta oportunidad y p\u00f3ngase en contacto con nosotros hoy mismo para programar una visita.<\/p>\n","protected":false},"excerpt":{"rendered":"<p>Apartamento mediterr\u00e1neo listo para entrar a vivir a la venta a 200 m de la playa de arena en J\u00e1vea Este apartamento de 88 metros cuadrados, recientemente reformado por completo, se encuentra en la segunda planta de una urbanizaci\u00f3n privada muy cotizada, segura y tranquila en la zona del Arenal, en J\u00e1vea. La vivienda ha [&hellip;]<\/p>\n","protected":false},"author":33,"featured_media":2080165,"parent":0,"menu_order":0,"template":"","property_type":[],"property_status":[2468],"property_feature":[2495,2473,2519,2833,2100],"property_label":[],"property_country":[2469],"property_state":[885],"property_city":[893],"property_area":[1503],"class_list":["post-2080308","property","type-property","status-publish","has-post-thumbnail","hentry","property_status-reventa-es","property_feature-aire-acondicionado-es","property_feature-balcon-es","property_feature-doble-acristalamiento","property_feature-parking-es","property_feature-opslagruimte-es","property_country-espana-bien","property_state-alicante-es","property_city-javea-es","property_area-arenal-es"],"property_meta":{"image_count":["0"],"_last_translation_edit_mode":["translation-editor"],"_wpml_media_duplicate":["1"],"_wpml_media_featured":["1"],"fave_featured":["0"],"houzez_featured_listing_date":[""],"fave_property_images":["2080161","2080166","2080171","2080176","2080181","2080186","2080191","2080196","2080201","2080206","2080211","2080216","2080221","2080226","2080231","2080236","2080241","2080246","2080251","2080256","2080261","2080266","2080271","2080276","2080281","2080286","2080291","2080296","2080301"],"fave_agent_display_option":["none"],"fave_single_top_area":["global"],"_top_nav_excluded":[""],"_cms_nav_minihome":[""],"fave_property_price":["320000"],"fave_property_size":["88"],"fave_property_bedrooms":["2"],"fave_property_bathrooms":["3"],"fave_property_garage":["1"],"fave_property_year":["1974"],"fave_property_id":["OFF4666JAV"],"fave_property_map":["1"],"fave_property_map_address":["X\u00e0bia \/ J\u00e1vea, la Marina Alta, Alacant \/ Alicante, Comunitat Valenciana, Espa\u00f1a"],"fave_property_location":["38.772019385411,0.19037246704102,12"],"houzez_geolocation_lat":["38.772019385411"],"houzez_geolocation_long":["0.19037246704102"],"fave_property_map_street_view":["hide"],"fave_prop_homeslider":["no"],"fave_energy_class":["G"],"_thumbnail_id":["2080165"],"_wpml_word_count":["390"],"houzez_total_property_views":["42"],"houzez_views_by_date":["a:24:{s:10:\"07-16-2026\";i:1;s:10:\"07-17-2026\";i:4;s:10:\"07-18-2026\";i:2;s:10:\"07-19-2026\";i:1;s:10:\"07-20-2026\";i:3;s:10:\"07-21-2026\";i:2;s:10:\"07-23-2026\";i:2;s:10:\"07-24-2026\";i:1;s:10:\"07-25-2026\";i:2;s:10:\"08-01-2026\";i:2;s:10:\"08-02-2026\";i:1;s:10:\"08-03-2026\";i:3;s:10:\"08-07-2026\";i:2;s:10:\"08-08-2026\";i:1;s:10:\"08-14-2026\";i:2;s:10:\"08-15-2026\";i:3;s:10:\"08-16-2026\";i:1;s:10:\"08-18-2026\";i:1;s:10:\"08-21-2026\";i:1;s:10:\"08-24-2026\";i:1;s:10:\"08-27-2026\";i:1;s:10:\"08-30-2026\";i:1;s:10:\"08-31-2026\";i:2;s:10:\"09-01-2026\";i:2;}"],"houzez_recently_viewed":["2026-09-01 12:15:39"],"_elementor_global_class_usage_indexed":["1"],"_elementor_page_assets":["a:0:{}"]},"_links":{"self":[{"href":"https:\/\/backgroundproperties.com\/es\/wp-json\/wp\/v2\/properties\/2080308","targetHints":{"allow":["GET"]}}],"collection":[{"href":"https:\/\/backgroundproperties.com\/es\/wp-json\/wp\/v2\/properties"}],"about":[{"href":"https:\/\/backgroundproperties.com\/es\/wp-json\/wp\/v2\/types\/property"}],"author":[{"embeddable":true,"href":"https:\/\/backgroundproperties.com\/es\/wp-json\/wp\/v2\/users\/33"}],"version-history":[{"count":0,"href":"https:\/\/backgroundproperties.com\/es\/wp-json\/wp\/v2\/properties\/2080308\/revisions"}],"wp:featuredmedia":[{"embeddable":true,"href":"https:\/\/backgroundproperties.com\/es\/wp-json\/wp\/v2\/media\/2080165"}],"wp:attachment":[{"href":"https:\/\/backgroundproperties.com\/es\/wp-json\/wp\/v2\/media?parent=2080308"}],"wp:term":[{"taxonomy":"property_type","embeddable":true,"href":"https:\/\/backgroundproperties.com\/es\/wp-json\/wp\/v2\/property_type?post=2080308"},{"taxonomy":"property_status","embeddable":true,"href":"https:\/\/backgroundproperties.com\/es\/wp-json\/wp\/v2\/property_status?post=2080308"},{"taxonomy":"property_feature","embeddable":true,"href":"https:\/\/backgroundproperties.com\/es\/wp-json\/wp\/v2\/property_feature?post=2080308"},{"taxonomy":"property_label","embeddable":true,"href":"https:\/\/backgroundproperties.com\/es\/wp-json\/wp\/v2\/property_label?post=2080308"},{"taxonomy":"property_country","embeddable":true,"href":"https:\/\/backgroundproperties.com\/es\/wp-json\/wp\/v2\/property_country?post=2080308"},{"taxonomy":"property_state","embeddable":true,"href":"https:\/\/backgroundproperties.com\/es\/wp-json\/wp\/v2\/property_state?post=2080308"},{"taxonomy":"property_city","embeddable":true,"href":"https:\/\/backgroundproperties.com\/es\/wp-json\/wp\/v2\/property_city?post=2080308"},{"taxonomy":"property_area","embeddable":true,"href":"https:\/\/backgroundproperties.com\/es\/wp-json\/wp\/v2\/property_area?post=2080308"}],"curies":[{"name":"wp","href":"https:\/\/api.w.org\/{rel}","templated":true}]}}

OFF4666JAV Apartamento reformado en venta a 200 m del Arenal en Jávea.

<p>Apartamento mediterráneo listo para entrar a vivir a la venta a 200 m de la playa de arena en Jávea</p>
<p>Este apartamento de 88 metros cuadrados, recientemente reformado por completo, se encuentra en la segunda planta de una urbanización privada muy cotizada, segura y tranquila en la zona del Arenal, en Jávea. La vivienda ha sido modernizada con gran atención al detalle y acabados de alta calidad, como paredes con aislamiento acústico y un mobiliario de estreno en un estilo mediterráneo premium. Gracias a su equipamiento completo, al aire acondicionado (frío/calor) y al doble acristalamiento en toda la vivienda, este apartamento está totalmente listo para alquilar o para entrar a vivir.</p>
<p>La ubicación es realmente inmejorable. Se encuentra a tan solo 200 metros de la playa, con un supermercado a la vuelta de la esquina y una pista de pádel justo detrás del complejo. Además, en solo 5 minutos a pie llegará a la animada zona del Arenal, conocida por su playa de arena, sus acogedores restaurantes y sus locales a pie de playa. Prácticamente no necesitará el coche para nada, aunque la vivienda dispone de su propia plaza de aparcamiento cubierta en el garaje comunitario, lo cual es una gran ventaja en Jávea.</p>
<p>Al entrar por el elegante vestíbulo, se percibe de inmediato la amplitud y la luminosidad de la vivienda. El recibidor conduce a un amplio salón con aire acondicionado que conecta perfectamente con un balcón delantero orientado al norte, ideal para disfrutar de la agradable brisa marina. La cocina moderna, totalmente equipada, cuenta con electrodomésticos de alta gama y dispone de un lavadero y despensa independientes muy prácticos. Para las visitas, hay un aseo de cortesía independiente en el pasillo, lo que garantiza la total privacidad de los dormitorios.</p>
<p>La zona de noche consta de dos amplias suites principales. Ambos dormitorios ofrecen el máximo confort gracias a sus respectivos cuartos de baño abiertos en suite y aseos privados. El primer dormitorio cuenta además con el lujo añadido de una terraza privada.</p>
<p>En resumen, un apartamento único y sumamente confortable en una ubicación privilegiada en Jávea. No deje escapar esta oportunidad y póngase en contacto con nosotros hoy mismo para programar una visita.</p>

<p>Apartamento mediterráneo listo para entrar a vivir a la venta a 200 m de la playa de arena en Jávea Este apartamento de 88 metros cuadrados, recientemente reformado por completo, se encuentra en la segunda planta de una urbanización privada muy cotizada, segura y tranquila en la zona del Arenal, en Jávea. La vivienda ha [&hellip;]</p>

Xàbia / Jávea, la Marina Alta, Alacant / Alicante, Comunitat Valenciana, España
