{"id":2059344,"date":"2026-02-05T13:02:45","date_gmt":"2026-02-05T12:02:45","guid":{"rendered":"https:\/\/backgroundproperties.com\/property\/c3xy4251bell-preciosa-casa-de-campo-con-vinedos-en-venta-en-benitachell-2\/"},"modified":"2026-08-05T17:07:04","modified_gmt":"2026-08-05T15:07:04","slug":"c3xy4251bell-preciosa-casa-de-campo-con-vinedos-en-venta-en-benitachell-2","status":"publish","type":"property","link":"https:\/\/backgroundproperties.com\/es\/property\/c3xy4251bell-preciosa-casa-de-campo-con-vinedos-en-venta-en-benitachell-2\/","title":{"rendered":"C3XY4251BELL Preciosa casa de campo con vi\u00f1edos en venta en Benitachell"},"content":{"rendered":"<p class=\"p1\">Esta magn\u00edfica casa de campo se encuentra en una parcela de m\u00e1s de 10.000 m2, situada en el centro del valle entre Benitachell y la bah\u00eda de J\u00e1vea. Desde la vivienda se disfrutan vistas panor\u00e1micas sobre el paisaje ondulado hasta el Montg\u00f3 en J\u00e1vea.<\/p>\n<p class=\"p1\">En el lado sur de la villa se encuentra una amplia naya con chimenea. A continuaci\u00f3n, un largo pasillo da acceso a la cocina, el comedor, el sal\u00f3n con chimenea, un aseo de cortes\u00eda y un dormitorio doble. El pasillo termina en un amplio dormitorio doble con ba\u00f1o en suite y balc\u00f3n. Desde la cocina tambi\u00e9n se accede a un gran balc\u00f3n y a un pr\u00e1ctico lavadero.<\/p>\n<p class=\"p1\">La planta inferior consta de dos amplias estancias, un ba\u00f1o y una terraza privada. En este nivel tambi\u00e9n se encuentran tres garajes con acceso directo a la vivienda, una bodega, un amplio trastero y una sala de m\u00e1quinas.<\/p>\n<p class=\"p1\">Adem\u00e1s, la vivienda dispone de un \u00e1tico que se extiende por toda la superficie de la casa, ofreciendo una extraordinaria capacidad de almacenamiento adicional.<\/p>\n<p class=\"p1\">Junto a la vivienda se encuentra una terraza soleada con piscina y una acogedora p\u00e9rgola de madera. Gran parte de la parcela est\u00e1 actualmente destinada a vi\u00f1edo con tres variedades de uva: Chardonnay, Merlot y Tempranillo. Tambi\u00e9n hay una amplia zona llana con diversos \u00e1rboles frutales y un gran invernadero que actualmente se utiliza como almac\u00e9n de material de jardiner\u00eda.<\/p>\n<p class=\"p1\">La propiedad dispone de pozo propio y est\u00e1 equipada con paneles solares t\u00e9rmicos y fotovoltaicos, lo que la hace especialmente eficiente energ\u00e9ticamente. Adem\u00e1s, est\u00e1 conectada a la red de agua y electricidad.<\/p>\n<p class=\"p1\">Gracias a su ubicaci\u00f3n central, el centro del pueblo de Benitachell se encuentra a tan solo 3 minutos, donde se pueden encontrar todos los servicios como supermercados, colegios y farmacias. La playa de arena de J\u00e1vea est\u00e1 a unos 12 minutos en coche y la de Moraira a aproximadamente 15 minutos. El campo de golf de J\u00e1vea se encuentra a menos de un kil\u00f3metro.<\/p>\n<p class=\"p1\">Una propiedad excepcional en un entorno id\u00edlico, ideal para quienes buscan tranquilidad, espacio y naturaleza.<\/p>\n","protected":false},"excerpt":{"rendered":"<p>Esta magn\u00edfica casa de campo se encuentra en una parcela de m\u00e1s de 10.000 m2, situada en el centro del valle entre Benitachell y la bah\u00eda de J\u00e1vea. Desde la vivienda se disfrutan vistas panor\u00e1micas sobre el paisaje ondulado hasta el Montg\u00f3 en J\u00e1vea. En el lado sur de la villa se encuentra una amplia [&hellip;]<\/p>\n","protected":false},"author":33,"featured_media":2082030,"parent":0,"menu_order":0,"template":"","property_type":[858],"property_status":[2468],"property_feature":[2496,2473,2568,2775,2574,2522,2833,2139,2101,2474,2103,2100],"property_label":[],"property_country":[2469],"property_state":[885],"property_city":[897],"property_area":[],"class_list":["post-2059344","property","type-property","status-publish","has-post-thumbnail","hentry","property_type-villa-es","property_status-reventa-es","property_feature-armarios-empotrados-es","property_feature-balcon-es","property_feature-estufa","property_feature-fotovoltaische-panelen-es","property_feature-garaje-es","property_feature-jardin-es","property_feature-parking-es","property_feature-pergola-es","property_feature-rolluiken-es","property_feature-piscina-es","property_feature-terras-es","property_feature-opslagruimte-es","property_country-espana-bien","property_state-alicante-es","property_city-benitachell-es"],"property_meta":{"image_count":["0"],"_alp_processed":["1775731269"],"fave_featured":["0"],"houzez_featured_listing_date":[""],"fave_agent_display_option":["none"],"fave_single_top_area":["global"],"_top_nav_excluded":[""],"_cms_nav_minihome":[""],"houzez_geolocation_lat":["38.743105224037"],"houzez_geolocation_long":["0.14076232910156"],"fave_afstand-tot-zee":["7000"],"fave_verdiepingen":["2"],"houzez_total_property_views":["142"],"houzez_views_by_date":["a:61:{s:10:\"03-31-2026\";i:2;s:10:\"04-02-2026\";i:1;s:10:\"04-04-2026\";i:1;s:10:\"04-06-2026\";i:1;s:10:\"04-09-2026\";i:3;s:10:\"04-14-2026\";i:1;s:10:\"04-19-2026\";i:1;s:10:\"04-22-2026\";i:1;s:10:\"04-23-2026\";i:1;s:10:\"05-01-2026\";i:4;s:10:\"05-02-2026\";i:1;s:10:\"05-04-2026\";i:2;s:10:\"05-06-2026\";i:1;s:10:\"05-07-2026\";i:1;s:10:\"05-08-2026\";i:2;s:10:\"05-09-2026\";i:1;s:10:\"05-10-2026\";i:1;s:10:\"05-11-2026\";i:1;s:10:\"05-12-2026\";i:5;s:10:\"05-13-2026\";i:1;s:10:\"05-15-2026\";i:1;s:10:\"05-19-2026\";i:1;s:10:\"05-22-2026\";i:1;s:10:\"05-24-2026\";i:2;s:10:\"05-27-2026\";i:1;s:10:\"05-28-2026\";i:1;s:10:\"06-04-2026\";i:2;s:10:\"06-09-2026\";i:1;s:10:\"06-10-2026\";i:2;s:10:\"06-11-2026\";i:1;s:10:\"06-12-2026\";i:4;s:10:\"06-13-2026\";i:1;s:10:\"06-17-2026\";i:1;s:10:\"06-20-2026\";i:1;s:10:\"06-21-2026\";i:1;s:10:\"06-24-2026\";i:1;s:10:\"06-26-2026\";i:1;s:10:\"06-27-2026\";i:1;s:10:\"07-01-2026\";i:1;s:10:\"07-04-2026\";i:1;s:10:\"07-05-2026\";i:2;s:10:\"07-08-2026\";i:1;s:10:\"07-09-2026\";i:1;s:10:\"07-10-2026\";i:4;s:10:\"07-11-2026\";i:1;s:10:\"07-12-2026\";i:1;s:10:\"07-16-2026\";i:1;s:10:\"07-18-2026\";i:2;s:10:\"07-19-2026\";i:1;s:10:\"07-21-2026\";i:1;s:10:\"07-24-2026\";i:1;s:10:\"07-25-2026\";i:1;s:10:\"07-26-2026\";i:1;s:10:\"07-29-2026\";i:1;s:10:\"08-01-2026\";i:2;s:10:\"08-13-2026\";i:3;s:10:\"08-18-2026\";i:1;s:10:\"08-20-2026\";i:2;s:10:\"08-23-2026\";i:1;s:10:\"08-27-2026\";i:2;s:10:\"09-01-2026\";i:2;}"],"houzez_recently_viewed":["2026-09-01 13:08:41"],"_last_translation_edit_mode":["translation-editor"],"_wpml_word_count":["357"],"fave_oric3abntatie":["Zuid"],"fave_gebruiksopp-woning":["280"],"_wpml_media_has_media":["1"],"fave_single_content_area":["global"],"_elementor_global_class_usage_indexed":["1"],"fave_property_images":["2082026","2082031","2082036","2082041","2082046","2082051","2082056","2082061","2082066","2082071","2082076","2082081","2082086","2082091","2082096","2082101","2082106","2082111","2082116","2082121","2082126","2082131","2082136","2082141","2082146","2082151","2082156","2082161","2082166","2082171","2082176","2082181","2082186","2082191","2082196","2082201","2082206","2082211","2082216","2082221","2082226","2082231","2082236","2082241","2082246","2082251","2082256","2082261","2082266","2082271","2082276","2082281","2082286","2082291","2082296","2082301","2082306","2082311"],"_wpml_media_duplicate":["1"],"_wpml_media_featured":["1"],"_thumbnail_id":["2082030"],"fave_property_price":["1240000"],"fave_property_size":["540"],"fave_property_land":["10300"],"fave_property_bedrooms":["4"],"fave_property_bathrooms":["3"],"fave_property_garage":["5"],"fave_property_year":["2003"],"fave_property_id":["C3XY4251BELL"],"fave_property_map":["1"],"fave_property_map_address":["el Poble Nou de Benitatxell \/ Benitachell, la Marina Alta, Alacant \/ Alicante, Comunitat Valenciana, 03726, Espa\u00f1a"],"fave_property_location":["38.743105224037,0.14076232910156,13"],"fave_property_map_street_view":["hide"],"fave_prop_homeslider":["no"],"fave_terrein":["Llano"],"fave_uitzicht":["Despejada","Monta\u00f1a"],"fave_verwarming":["Suelo radiante"],"fave_warmwatervoorziening":["Solar"],"fave_woningtype":["Villa"],"fave_zwembad":["Privado"],"fave_zwembad-afmetingen":["4x8m"],"fave_constructie":["Rustico"],"_elementor_page_assets":["a:0:{}"]},"_links":{"self":[{"href":"https:\/\/backgroundproperties.com\/es\/wp-json\/wp\/v2\/properties\/2059344","targetHints":{"allow":["GET"]}}],"collection":[{"href":"https:\/\/backgroundproperties.com\/es\/wp-json\/wp\/v2\/properties"}],"about":[{"href":"https:\/\/backgroundproperties.com\/es\/wp-json\/wp\/v2\/types\/property"}],"author":[{"embeddable":true,"href":"https:\/\/backgroundproperties.com\/es\/wp-json\/wp\/v2\/users\/33"}],"version-history":[{"count":1,"href":"https:\/\/backgroundproperties.com\/es\/wp-json\/wp\/v2\/properties\/2059344\/revisions"}],"predecessor-version":[{"id":2082320,"href":"https:\/\/backgroundproperties.com\/es\/wp-json\/wp\/v2\/properties\/2059344\/revisions\/2082320"}],"wp:featuredmedia":[{"embeddable":true,"href":"https:\/\/backgroundproperties.com\/es\/wp-json\/wp\/v2\/media\/2082030"}],"wp:attachment":[{"href":"https:\/\/backgroundproperties.com\/es\/wp-json\/wp\/v2\/media?parent=2059344"}],"wp:term":[{"taxonomy":"property_type","embeddable":true,"href":"https:\/\/backgroundproperties.com\/es\/wp-json\/wp\/v2\/property_type?post=2059344"},{"taxonomy":"property_status","embeddable":true,"href":"https:\/\/backgroundproperties.com\/es\/wp-json\/wp\/v2\/property_status?post=2059344"},{"taxonomy":"property_feature","embeddable":true,"href":"https:\/\/backgroundproperties.com\/es\/wp-json\/wp\/v2\/property_feature?post=2059344"},{"taxonomy":"property_label","embeddable":true,"href":"https:\/\/backgroundproperties.com\/es\/wp-json\/wp\/v2\/property_label?post=2059344"},{"taxonomy":"property_country","embeddable":true,"href":"https:\/\/backgroundproperties.com\/es\/wp-json\/wp\/v2\/property_country?post=2059344"},{"taxonomy":"property_state","embeddable":true,"href":"https:\/\/backgroundproperties.com\/es\/wp-json\/wp\/v2\/property_state?post=2059344"},{"taxonomy":"property_city","embeddable":true,"href":"https:\/\/backgroundproperties.com\/es\/wp-json\/wp\/v2\/property_city?post=2059344"},{"taxonomy":"property_area","embeddable":true,"href":"https:\/\/backgroundproperties.com\/es\/wp-json\/wp\/v2\/property_area?post=2059344"}],"curies":[{"name":"wp","href":"https:\/\/api.w.org\/{rel}","templated":true}]}}

C3XY4251BELL Preciosa casa de campo con viñedos en venta en Benitachell

<p class="p1">Esta magnífica casa de campo se encuentra en una parcela de más de 10.000 m2, situada en el centro del valle entre Benitachell y la bahía de Jávea. Desde la vivienda se disfrutan vistas panorámicas sobre el paisaje ondulado hasta el Montgó en Jávea.</p>
<p class="p1">En el lado sur de la villa se encuentra una amplia naya con chimenea. A continuación, un largo pasillo da acceso a la cocina, el comedor, el salón con chimenea, un aseo de cortesía y un dormitorio doble. El pasillo termina en un amplio dormitorio doble con baño en suite y balcón. Desde la cocina también se accede a un gran balcón y a un práctico lavadero.</p>
<p class="p1">La planta inferior consta de dos amplias estancias, un baño y una terraza privada. En este nivel también se encuentran tres garajes con acceso directo a la vivienda, una bodega, un amplio trastero y una sala de máquinas.</p>
<p class="p1">Además, la vivienda dispone de un ático que se extiende por toda la superficie de la casa, ofreciendo una extraordinaria capacidad de almacenamiento adicional.</p>
<p class="p1">Junto a la vivienda se encuentra una terraza soleada con piscina y una acogedora pérgola de madera. Gran parte de la parcela está actualmente destinada a viñedo con tres variedades de uva: Chardonnay, Merlot y Tempranillo. También hay una amplia zona llana con diversos árboles frutales y un gran invernadero que actualmente se utiliza como almacén de material de jardinería.</p>
<p class="p1">La propiedad dispone de pozo propio y está equipada con paneles solares térmicos y fotovoltaicos, lo que la hace especialmente eficiente energéticamente. Además, está conectada a la red de agua y electricidad.</p>
<p class="p1">Gracias a su ubicación central, el centro del pueblo de Benitachell se encuentra a tan solo 3 minutos, donde se pueden encontrar todos los servicios como supermercados, colegios y farmacias. La playa de arena de Jávea está a unos 12 minutos en coche y la de Moraira a aproximadamente 15 minutos. El campo de golf de Jávea se encuentra a menos de un kilómetro.</p>
<p class="p1">Una propiedad excepcional en un entorno idílico, ideal para quienes buscan tranquilidad, espacio y naturaleza.</p>

<p>Esta magnífica casa de campo se encuentra en una parcela de más de 10.000 m2, situada en el centro del valle entre Benitachell y la bahía de Jávea. Desde la vivienda se disfrutan vistas panorámicas sobre el paisaje ondulado hasta el Montgó en Jávea. En el lado sur de la villa se encuentra una amplia [&hellip;]</p>

el Poble Nou de Benitatxell / Benitachell, la Marina Alta, Alacant / Alicante, Comunitat Valenciana, 03726, España

Montaña
