{"id":2037301,"date":"2025-09-09T16:49:33","date_gmt":"2025-09-09T14:49:33","guid":{"rendered":"https:\/\/backgroundproperties.com\/property\/8293den-villa-y-comercio-con-vistas-parciales-al-mar-a-la-venta-en-las-rotas-denia\/"},"modified":"2026-07-21T08:39:31","modified_gmt":"2026-07-21T06:39:31","slug":"8293den-villa-y-comercio-con-vistas-parciales-al-mar-a-la-venta-en-las-rotas-denia","status":"publish","type":"property","link":"https:\/\/backgroundproperties.com\/es\/property\/8293den-villa-y-comercio-con-vistas-parciales-al-mar-a-la-venta-en-las-rotas-denia\/","title":{"rendered":"8293DEN Villa y comercio con vistas parciales al mar a la venta en Las Rotas, Denia."},"content":{"rendered":"<p>En Las Rotas, una de las zonas m\u00e1s exclusivas y deseadas de la Costa Blanca, se encuentra este chalet independiente con un encanto muy especial. Se trata de una propiedad \u00fanica que combina la calidez de una vivienda acogedora con la versatilidad de un restaurante totalmente equipado y con licencia activa, listo para abrir sus puertas desde el primer d\u00eda.<br \/>\nLa casa, rodeada de naturaleza y a tan solo quinientos metros de la playa de Las Rotas, ofrece la tranquilidad de un entorno privilegiado y, al mismo tiempo, la cercan\u00eda al centro de Denia, situado a apenas dos kil\u00f3metros. Su exterior cuenta con un amplio aparcamiento y una cuidada zona ajardinada que aporta frescura, privacidad y el inconfundible aire mediterr\u00e1neo.<br \/>\nEn la planta superior se encuentra la vivienda principal, con dos habitaciones dobles, un sal\u00f3n comedor presidido por una chimenea que invita a largas veladas en familia, una cocina independiente, un ba\u00f1o completo y dos balcones desde los que se puede disfrutar de la brisa marina y de las vistas al entorno natural. La planta baja, por su parte, est\u00e1 destinada al restaurante, equipado con cocina industrial y despensa, barbacoa con salida directa al jard\u00edn, barra-bar y un encantador porche con zona de mesas que se integra perfectamente en el ambiente relajado y soleado de la Costa Blanca.<br \/>\nLo m\u00e1s interesante de esta propiedad es que no solo ofrece una oportunidad de negocio inmediata, sino tambi\u00e9n un abanico de posibilidades de reforma. Con una actualizaci\u00f3n, puede transformarse en una gran vivienda con piscina, en dos apartamentos independientes para alquiler vacacional o en la casa de tus sue\u00f1os, amplia, luminosa y con todo el car\u00e1cter mediterr\u00e1neo.<br \/>\nDenia, con su puerto deportivo, sus veinte kil\u00f3metros de costa, su castillo hist\u00f3rico y su reconocida gastronom\u00eda declarada por la UNESCO como Ciudad Creativa de la Gastronom\u00eda, es uno de los lugares m\u00e1s vibrantes y completos para vivir o invertir. Perfectamente conectada por carretera y ferry, y a tan solo una hora de Valencia y Alicante, es un destino que combina autenticidad, modernidad y calidad de vida durante todo el a\u00f1o.<br \/>\nEste chalet en Las Rotas es mucho m\u00e1s que una casa: es una oportunidad para vivir, disfrutar y emprender en uno de los rincones m\u00e1s bellos del Mediterr\u00e1neo.<\/p>\n","protected":false},"excerpt":{"rendered":"<p>En Las Rotas, una de las zonas m\u00e1s exclusivas y deseadas de la Costa Blanca, se encuentra este chalet independiente con un encanto muy especial. Se trata de una propiedad \u00fanica que combina la calidez de una vivienda acogedora con la versatilidad de un restaurante totalmente equipado y con licencia activa, listo para abrir sus [&hellip;]<\/p>\n","protected":false},"author":35,"featured_media":2037093,"parent":0,"menu_order":0,"template":"","property_type":[858],"property_status":[2468],"property_feature":[2524,2710,2472,2473,2130,2567,2719,2568,2833,2143,2101,2134,2103,2100],"property_label":[],"property_country":[2469],"property_state":[885],"property_city":[917],"property_area":[1394],"class_list":["post-2037301","property","type-property","status-publish","has-post-thumbnail","hentry","property_type-villa-es","property_status-reventa-es","property_feature-agua","property_feature-air-conditioning-es","property_feature-alarma-es","property_feature-balcon-es","property_feature-bar-es","property_feature-barbacoa-es","property_feature-electricity-es","property_feature-estufa","property_feature-parking-es","property_feature-patio-es","property_feature-rolluiken-es","property_feature-separaat-appartement-es","property_feature-terras-es","property_feature-opslagruimte-es","property_country-espana-bien","property_state-alicante-es","property_city-denia-es","property_area-las-rotas-es"],"property_meta":{"image_count":["0"],"_alp_processed":["1777018982"],"_wpml_media_duplicate":["1"],"_wpml_media_featured":["1"],"fave_featured":["0"],"houzez_featured_listing_date":[""],"fave_property_images":["2037089","2037094","2037099","2037104","2037109","2037114","2037119","2037124","2037129","2037134","2037139","2037144","2037149","2037154","2037159","2037164","2037169","2037174","2037179","2037184","2037189","2037194","2037199","2037204","2037209","2037214","2037219","2037224","2037229","2037234","2037239","2037244","2037249","2037254","2037259","2037264","2037269","2037274","2037279","2037284","2037289"],"fave_agent_display_option":["none"],"fave_single_top_area":["global"],"_top_nav_excluded":[""],"_cms_nav_minihome":[""],"_thumbnail_id":["2037093"],"_wpml_word_count":["399"],"_edit_lock":["1757929786:35"],"_last_translation_edit_mode":["translation-editor"],"fave_single_content_area":["global"],"houzez_geolocation_lat":["38.8298823"],"houzez_geolocation_long":["0.1358288"],"fave_afstand-tot-zee":["500"],"fave_afvalkosten":["170"],"fave_verdiepingen":["2"],"houzez_total_property_views":["159"],"houzez_views_by_date":["a:61:{s:10:\"01-24-2026\";i:1;s:10:\"01-25-2026\";i:1;s:10:\"01-30-2026\";i:1;s:10:\"02-04-2026\";i:1;s:10:\"02-05-2026\";i:1;s:10:\"02-06-2026\";i:1;s:10:\"02-10-2026\";i:2;s:10:\"02-13-2026\";i:1;s:10:\"02-14-2026\";i:1;s:10:\"02-16-2026\";i:1;s:10:\"02-21-2026\";i:1;s:10:\"02-23-2026\";i:1;s:10:\"02-24-2026\";i:1;s:10:\"02-26-2026\";i:1;s:10:\"03-02-2026\";i:1;s:10:\"03-07-2026\";i:2;s:10:\"03-08-2026\";i:3;s:10:\"03-09-2026\";i:4;s:10:\"03-11-2026\";i:1;s:10:\"03-16-2026\";i:3;s:10:\"03-18-2026\";i:2;s:10:\"03-22-2026\";i:1;s:10:\"03-24-2026\";i:1;s:10:\"03-29-2026\";i:3;s:10:\"03-31-2026\";i:1;s:10:\"04-08-2026\";i:1;s:10:\"04-10-2026\";i:1;s:10:\"04-14-2026\";i:1;s:10:\"04-16-2026\";i:3;s:10:\"04-18-2026\";i:1;s:10:\"04-22-2026\";i:1;s:10:\"04-24-2026\";i:2;s:10:\"04-29-2026\";i:1;s:10:\"05-06-2026\";i:1;s:10:\"05-08-2026\";i:2;s:10:\"05-10-2026\";i:1;s:10:\"05-17-2026\";i:1;s:10:\"05-18-2026\";i:1;s:10:\"05-29-2026\";i:2;s:10:\"06-30-2026\";i:1;s:10:\"07-03-2026\";i:2;s:10:\"07-09-2026\";i:2;s:10:\"07-12-2026\";i:1;s:10:\"07-14-2026\";i:1;s:10:\"07-17-2026\";i:1;s:10:\"07-20-2026\";i:1;s:10:\"07-21-2026\";i:1;s:10:\"07-30-2026\";i:1;s:10:\"08-01-2026\";i:3;s:10:\"08-02-2026\";i:1;s:10:\"08-05-2026\";i:1;s:10:\"08-08-2026\";i:2;s:10:\"08-10-2026\";i:2;s:10:\"08-11-2026\";i:2;s:10:\"08-14-2026\";i:2;s:10:\"08-16-2026\";i:1;s:10:\"08-17-2026\";i:1;s:10:\"08-18-2026\";i:1;s:10:\"08-19-2026\";i:1;s:10:\"08-28-2026\";i:1;s:10:\"09-01-2026\";i:2;}"],"houzez_recently_viewed":["2026-09-01 13:08:13"],"fave_woningtype":["Villa"],"fave_zwembad":["Nee","Nee"],"fave_verwarming":["Airconditioning warm\/koud","Airconditioning warm\/koud"],"fave_warmwatervoorziening":["Elektrisch","Elektrisch"],"fave_type-terrein":["Vlak","Vlak"],"fave_uitzicht":["Zee","Zee"],"fave_oric3abntatie":["Noord-oost","Noord-oost"],"fave_terrein":["Vlak","Vlak"],"fave_kitchen":["gesloten","gesloten"],"fave_constructie":["Klassiek","Klassiek"],"fave_airconditioning":["Ja","Ja"],"_elementor_global_class_usage_indexed":["1"],"fave_property_price":["590000"],"fave_property_size":["179"],"fave_property_land":["641"],"fave_property_bedrooms":["2"],"fave_property_bathrooms":["2"],"fave_property_garage":["6"],"fave_property_year":["1980"],"fave_property_id":["8293DEN"],"fave_property_map":["1"],"fave_property_map_address":["Carrer Ofiuco, les Rotes, D\u00e9nia, la Marina Alta, Alacant \/ Alicante, Comunitat Valenciana, 03700, Espa\u00f1a"],"fave_property_location":["38.8298823,0.1358288,15"],"fave_property_map_street_view":["hide"],"fave_video_url":["https:\/\/youtu.be\/EgleWQqhcjc"],"fave_prop_homeslider":["no"],"_elementor_page_assets":["a:0:{}"]},"_links":{"self":[{"href":"https:\/\/backgroundproperties.com\/es\/wp-json\/wp\/v2\/properties\/2037301","targetHints":{"allow":["GET"]}}],"collection":[{"href":"https:\/\/backgroundproperties.com\/es\/wp-json\/wp\/v2\/properties"}],"about":[{"href":"https:\/\/backgroundproperties.com\/es\/wp-json\/wp\/v2\/types\/property"}],"author":[{"embeddable":true,"href":"https:\/\/backgroundproperties.com\/es\/wp-json\/wp\/v2\/users\/35"}],"version-history":[{"count":1,"href":"https:\/\/backgroundproperties.com\/es\/wp-json\/wp\/v2\/properties\/2037301\/revisions"}],"predecessor-version":[{"id":2080796,"href":"https:\/\/backgroundproperties.com\/es\/wp-json\/wp\/v2\/properties\/2037301\/revisions\/2080796"}],"wp:featuredmedia":[{"embeddable":true,"href":"https:\/\/backgroundproperties.com\/es\/wp-json\/wp\/v2\/media\/2037093"}],"wp:attachment":[{"href":"https:\/\/backgroundproperties.com\/es\/wp-json\/wp\/v2\/media?parent=2037301"}],"wp:term":[{"taxonomy":"property_type","embeddable":true,"href":"https:\/\/backgroundproperties.com\/es\/wp-json\/wp\/v2\/property_type?post=2037301"},{"taxonomy":"property_status","embeddable":true,"href":"https:\/\/backgroundproperties.com\/es\/wp-json\/wp\/v2\/property_status?post=2037301"},{"taxonomy":"property_feature","embeddable":true,"href":"https:\/\/backgroundproperties.com\/es\/wp-json\/wp\/v2\/property_feature?post=2037301"},{"taxonomy":"property_label","embeddable":true,"href":"https:\/\/backgroundproperties.com\/es\/wp-json\/wp\/v2\/property_label?post=2037301"},{"taxonomy":"property_country","embeddable":true,"href":"https:\/\/backgroundproperties.com\/es\/wp-json\/wp\/v2\/property_country?post=2037301"},{"taxonomy":"property_state","embeddable":true,"href":"https:\/\/backgroundproperties.com\/es\/wp-json\/wp\/v2\/property_state?post=2037301"},{"taxonomy":"property_city","embeddable":true,"href":"https:\/\/backgroundproperties.com\/es\/wp-json\/wp\/v2\/property_city?post=2037301"},{"taxonomy":"property_area","embeddable":true,"href":"https:\/\/backgroundproperties.com\/es\/wp-json\/wp\/v2\/property_area?post=2037301"}],"curies":[{"name":"wp","href":"https:\/\/api.w.org\/{rel}","templated":true}]}}

<p>En Las Rotas, una de las zonas más exclusivas y deseadas de la Costa Blanca, se encuentra este chalet independiente con un encanto muy especial. Se trata de una propiedad única que combina la calidez de una vivienda acogedora con la versatilidad de un restaurante totalmente equipado y con licencia activa, listo para abrir sus puertas desde el primer día.<br />
La casa, rodeada de naturaleza y a tan solo quinientos metros de la playa de Las Rotas, ofrece la tranquilidad de un entorno privilegiado y, al mismo tiempo, la cercanía al centro de Denia, situado a apenas dos kilómetros. Su exterior cuenta con un amplio aparcamiento y una cuidada zona ajardinada que aporta frescura, privacidad y el inconfundible aire mediterráneo.<br />
En la planta superior se encuentra la vivienda principal, con dos habitaciones dobles, un salón comedor presidido por una chimenea que invita a largas veladas en familia, una cocina independiente, un baño completo y dos balcones desde los que se puede disfrutar de la brisa marina y de las vistas al entorno natural. La planta baja, por su parte, está destinada al restaurante, equipado con cocina industrial y despensa, barbacoa con salida directa al jardín, barra-bar y un encantador porche con zona de mesas que se integra perfectamente en el ambiente relajado y soleado de la Costa Blanca.<br />
Lo más interesante de esta propiedad es que no solo ofrece una oportunidad de negocio inmediata, sino también un abanico de posibilidades de reforma. Con una actualización, puede transformarse en una gran vivienda con piscina, en dos apartamentos independientes para alquiler vacacional o en la casa de tus sueños, amplia, luminosa y con todo el carácter mediterráneo.<br />
Denia, con su puerto deportivo, sus veinte kilómetros de costa, su castillo histórico y su reconocida gastronomía declarada por la UNESCO como Ciudad Creativa de la Gastronomía, es uno de los lugares más vibrantes y completos para vivir o invertir. Perfectamente conectada por carretera y ferry, y a tan solo una hora de Valencia y Alicante, es un destino que combina autenticidad, modernidad y calidad de vida durante todo el año.<br />
Este chalet en Las Rotas es mucho más que una casa: es una oportunidad para vivir, disfrutar y emprender en uno de los rincones más bellos del Mediterráneo.</p>

<p>En Las Rotas, una de las zonas más exclusivas y deseadas de la Costa Blanca, se encuentra este chalet independiente con un encanto muy especial. Se trata de una propiedad única que combina la calidez de una vivienda acogedora con la versatilidad de un restaurante totalmente equipado y con licencia activa, listo para abrir sus [&hellip;]</p>

Carrer Ofiuco, les Rotes, Dénia, la Marina Alta, Alacant / Alicante, Comunitat Valenciana, 03700, España
