{"id":2083922,"date":"2026-08-17T09:51:30","date_gmt":"2026-08-17T07:51:30","guid":{"rendered":"https:\/\/backgroundproperties.com\/property\/c4xy4675jal-villa-mit-geraeumigem-gaestehaus-und-panoramablick-in-la-almazara-jalon-zu-verkaufen\/"},"modified":"2026-08-18T13:43:59","modified_gmt":"2026-08-18T11:43:59","slug":"c4xy4675jal-villa-mit-geraeumigem-gaestehaus-und-panoramablick-in-la-almazara-jalon-zu-verkaufen","status":"publish","type":"property","link":"https:\/\/backgroundproperties.com\/de\/property\/c4xy4675jal-villa-mit-geraeumigem-gaestehaus-und-panoramablick-in-la-almazara-jalon-zu-verkaufen\/","title":{"rendered":"C4XY4675JAL Villa mit ger\u00e4umigem G\u00e4stehaus und Panoramablick in La Almazara, Jal\u00f3n zu verkaufen"},"content":{"rendered":"<p>Villa mit G\u00e4ste-Appartement und Panoramablick in Jal\u00f3n zu verkaufen<\/p>\n<p>Diese traditionelle Villa befindet sich in der ruhigen Urbanisation Almazara, nur kurze Zeit vom charmanten und lebendigen Dorf Jal\u00f3n entfernt. Das Anwesen bietet einen Panoramablick \u00fcber das wundersch\u00f6ne Jal\u00f3n-Tal und die umliegende Bergwelt, einschlie\u00dflich des bekannten Coll de Rates.<\/p>\n<p>Ein automatisches Tor f\u00fchrt auf das Grundst\u00fcck mit Carport. Vom Stellplatz aus erreichen Sie die Haust\u00fcr nach wenigen Schritten. Sie betreten die Diele im Hauptgeschoss. Zur Linken befinden sich ein Badezimmer und ein Doppelzimmer. Weiter im Flur liegen ein Einzelzimmer sowie das Hauptschlafzimmer mit Bad en Suite. Der Flur f\u00fchrt in das helle Wohnzimmer mit angrenzender halb offener K\u00fcche. Vom Wohnzimmer aus gelangen Sie in die verglaste Naya \u2013 der ideale Ort, um auch im Winter mit herrlichem Blick auf die Landschaft zu speisen. An die Naya schlie\u00dft sich eine ger\u00e4umige Terrasse mit direktem Treppenzugang zum Poolbereich an.<\/p>\n<p>Das Untergeschoss beherbergt eine unabh\u00e4ngige G\u00e4stewohnung bestehend aus einem Wohn-Essbereich, einer halb offenen K\u00fcche, zwei Schlafzimmern, einem Badezimmer und einem Abstellraum. Diese Wohnung verf\u00fcgt zudem \u00fcber eine eigene \u00fcberdachte Terrasse. Dar\u00fcber hinaus gibt es einen vielseitig nutzbaren Raum mit separatem Eingang, ideal als Homeoffice, zus\u00e4tzliches G\u00e4stezimmer oder Fitnessraum.<\/p>\n<p>Im Au\u00dfenbereich befindet sich der 4&#215;8 m gro\u00dfe Privatpool, umgeben von einer Sonnenterrasse mit Bergblick und einer angrenzenden Sommerk\u00fcche. Im unteren Teil des Gartens finden Sie eine Boulebahn, eine Pergola und einen pflegeleichten Garten mit Kakteen und mediterraner Bepflanzung.<\/p>\n<p>Das Jal\u00f3n-Tal (Vall de Pop) ist bekannt f\u00fcr seine Natur, Mandelhaine und Weinkultur. Jal\u00f3n selbst ist ein lebendiges Dorf mit allen Einrichtungen des t\u00e4glichen Bedarfs, Pl\u00e4tzen, traditionellen Bodegas und dem w\u00f6chentlichen Antikmarkt. Umgeben von Gebirgsketten ist es ein Paradies f\u00fcr Wanderer und Radfahrer. Zudem erreichen Sie die Sandstr\u00e4nde von D\u00e9nia, J\u00e1vea und Calpe in etwa 20 bis 25 Minuten.<\/p>\n","protected":false},"excerpt":{"rendered":"<p>Villa mit G\u00e4ste-Appartement und Panoramablick in Jal\u00f3n zu verkaufen Diese traditionelle Villa befindet sich in der ruhigen Urbanisation Almazara, nur kurze Zeit vom charmanten und lebendigen Dorf Jal\u00f3n entfernt. Das Anwesen bietet einen Panoramablick \u00fcber das wundersch\u00f6ne Jal\u00f3n-Tal und die umliegende Bergwelt, einschlie\u00dflich des bekannten Coll de Rates. Ein automatisches Tor f\u00fchrt auf das Grundst\u00fcck [&hellip;]<\/p>\n","protected":false},"author":33,"featured_media":2083641,"parent":0,"menu_order":0,"template":"","property_type":[860],"property_status":[2462],"property_feature":[2097,2485,2113,2099,2482,2508,2552,2483,2466,2467,2564,2950],"property_label":[],"property_country":[2463],"property_state":[887],"property_city":[1019],"property_area":[3049],"class_list":["post-2083922","property","type-property","status-publish","has-post-thumbnail","hentry","property_type-villa-de","property_status-wiederverkauf-de","property_feature-alarm-de","property_feature-automatisches-tor-de","property_feature-balkon-de","property_feature-carport-de","property_feature-einbauschranke","property_feature-garten-de","property_feature-kuche-im-freien","property_feature-lagerung","property_feature-rollladen","property_feature-schwimmbad-de","property_feature-separate-wohnung-de","property_feature-terras","property_country-spanien-de","property_state-alicante-de","property_city-jalon-de","property_area-la-almazara"],"property_meta":{"image_count":["0"],"_last_translation_edit_mode":["translation-editor"],"_wpml_media_duplicate":["1"],"_wpml_media_featured":["1"],"fave_featured":["0"],"houzez_featured_listing_date":[""],"fave_property_images":["2083638","2083643","2083648","2083653","2083658","2083663","2083668","2083673","2083678","2083683","2083688","2083693","2083698","2083703","2083708","2083713","2083718","2083723","2083728","2083733","2083738","2083743","2083748","2083753","2083758","2083763","2083768","2083773","2083778","2083783","2083788","2083793","2083798","2083808","2083813","2083818","2083823","2083828","2083833","2083838","2083843","2083848","2083853","2083858","2083863","2083868","2083873","2083878","2083883","2083888","2083893","2083898","2083903","2083908","2083913"],"fave_agent_display_option":["none"],"fave_single_top_area":["global"],"_top_nav_excluded":[""],"_cms_nav_minihome":[""],"houzez_geolocation_lat":["38.753012320665"],"houzez_geolocation_long":["-0.028839111328125"],"_thumbnail_id":["2083641"],"_wpml_word_count":["376"],"houzez_total_property_views":["35"],"houzez_views_by_date":["a:15:{s:10:\"08-17-2026\";i:4;s:10:\"08-19-2026\";i:2;s:10:\"08-20-2026\";i:3;s:10:\"08-21-2026\";i:2;s:10:\"08-22-2026\";i:2;s:10:\"08-23-2026\";i:4;s:10:\"08-24-2026\";i:3;s:10:\"08-25-2026\";i:3;s:10:\"08-26-2026\";i:1;s:10:\"08-27-2026\";i:2;s:10:\"08-28-2026\";i:3;s:10:\"08-29-2026\";i:1;s:10:\"08-30-2026\";i:1;s:10:\"08-31-2026\";i:1;s:10:\"09-01-2026\";i:3;}"],"houzez_recently_viewed":["2026-09-01 15:00:19"],"_elementor_global_class_usage_indexed":["1"],"fave_property_price":["599000"],"fave_property_size":["229"],"fave_property_bedrooms":["5"],"fave_property_bathrooms":["3"],"fave_property_garage":["1"],"fave_property_year":["2003"],"fave_property_id":["C4XY4675JAL"],"fave_property_map":["1"],"fave_property_map_address":["Xal\u00f3, la Marina Alta, Alacant \/ Alicante, Comunitat Valenciana, 03727, Espa\u00f1a"],"fave_property_location":["38.753012320665,-0.028839111328125,14"],"fave_property_map_street_view":["hide"],"fave_video_url":["https:\/\/youtu.be\/eBMx5fgiiP0"],"fave_prop_homeslider":["no"],"fave_afstand-tot-zee":["15000"],"fave_oric3abntatie":["S\u00fcdosten"],"fave_terrein":["Steil"],"fave_uitzicht":["Berg"],"fave_verdiepingen":["2"],"fave_woningtype":["Villa"],"fave_zwembad":["Privat"],"fave_zwembad-afmetingen":["4x8m"],"fave_constructie":["Klassisch"],"fave_gebruiksopp-woning":["173"],"_elementor_page_assets":["a:0:{}"]},"_links":{"self":[{"href":"https:\/\/backgroundproperties.com\/de\/wp-json\/wp\/v2\/properties\/2083922","targetHints":{"allow":["GET"]}}],"collection":[{"href":"https:\/\/backgroundproperties.com\/de\/wp-json\/wp\/v2\/properties"}],"about":[{"href":"https:\/\/backgroundproperties.com\/de\/wp-json\/wp\/v2\/types\/property"}],"author":[{"embeddable":true,"href":"https:\/\/backgroundproperties.com\/de\/wp-json\/wp\/v2\/users\/33"}],"version-history":[{"count":1,"href":"https:\/\/backgroundproperties.com\/de\/wp-json\/wp\/v2\/properties\/2083922\/revisions"}],"predecessor-version":[{"id":2084117,"href":"https:\/\/backgroundproperties.com\/de\/wp-json\/wp\/v2\/properties\/2083922\/revisions\/2084117"}],"wp:featuredmedia":[{"embeddable":true,"href":"https:\/\/backgroundproperties.com\/de\/wp-json\/wp\/v2\/media\/2083641"}],"wp:attachment":[{"href":"https:\/\/backgroundproperties.com\/de\/wp-json\/wp\/v2\/media?parent=2083922"}],"wp:term":[{"taxonomy":"property_type","embeddable":true,"href":"https:\/\/backgroundproperties.com\/de\/wp-json\/wp\/v2\/property_type?post=2083922"},{"taxonomy":"property_status","embeddable":true,"href":"https:\/\/backgroundproperties.com\/de\/wp-json\/wp\/v2\/property_status?post=2083922"},{"taxonomy":"property_feature","embeddable":true,"href":"https:\/\/backgroundproperties.com\/de\/wp-json\/wp\/v2\/property_feature?post=2083922"},{"taxonomy":"property_label","embeddable":true,"href":"https:\/\/backgroundproperties.com\/de\/wp-json\/wp\/v2\/property_label?post=2083922"},{"taxonomy":"property_country","embeddable":true,"href":"https:\/\/backgroundproperties.com\/de\/wp-json\/wp\/v2\/property_country?post=2083922"},{"taxonomy":"property_state","embeddable":true,"href":"https:\/\/backgroundproperties.com\/de\/wp-json\/wp\/v2\/property_state?post=2083922"},{"taxonomy":"property_city","embeddable":true,"href":"https:\/\/backgroundproperties.com\/de\/wp-json\/wp\/v2\/property_city?post=2083922"},{"taxonomy":"property_area","embeddable":true,"href":"https:\/\/backgroundproperties.com\/de\/wp-json\/wp\/v2\/property_area?post=2083922"}],"curies":[{"name":"wp","href":"https:\/\/api.w.org\/{rel}","templated":true}]}}

C4XY4675JAL Villa mit geräumigem Gästehaus und Panoramablick in La Almazara, Jalón zu verkaufen

<p>Villa mit Gäste-Appartement und Panoramablick in Jalón zu verkaufen</p>
<p>Diese traditionelle Villa befindet sich in der ruhigen Urbanisation Almazara, nur kurze Zeit vom charmanten und lebendigen Dorf Jalón entfernt. Das Anwesen bietet einen Panoramablick über das wunderschöne Jalón-Tal und die umliegende Bergwelt, einschließlich des bekannten Coll de Rates.</p>
<p>Ein automatisches Tor führt auf das Grundstück mit Carport. Vom Stellplatz aus erreichen Sie die Haustür nach wenigen Schritten. Sie betreten die Diele im Hauptgeschoss. Zur Linken befinden sich ein Badezimmer und ein Doppelzimmer. Weiter im Flur liegen ein Einzelzimmer sowie das Hauptschlafzimmer mit Bad en Suite. Der Flur führt in das helle Wohnzimmer mit angrenzender halb offener Küche. Vom Wohnzimmer aus gelangen Sie in die verglaste Naya – der ideale Ort, um auch im Winter mit herrlichem Blick auf die Landschaft zu speisen. An die Naya schließt sich eine geräumige Terrasse mit direktem Treppenzugang zum Poolbereich an.</p>
<p>Das Untergeschoss beherbergt eine unabhängige Gästewohnung bestehend aus einem Wohn-Essbereich, einer halb offenen Küche, zwei Schlafzimmern, einem Badezimmer und einem Abstellraum. Diese Wohnung verfügt zudem über eine eigene überdachte Terrasse. Darüber hinaus gibt es einen vielseitig nutzbaren Raum mit separatem Eingang, ideal als Homeoffice, zusätzliches Gästezimmer oder Fitnessraum.</p>
<p>Im Außenbereich befindet sich der 4&#215;8 m große Privatpool, umgeben von einer Sonnenterrasse mit Bergblick und einer angrenzenden Sommerküche. Im unteren Teil des Gartens finden Sie eine Boulebahn, eine Pergola und einen pflegeleichten Garten mit Kakteen und mediterraner Bepflanzung.</p>
<p>Das Jalón-Tal (Vall de Pop) ist bekannt für seine Natur, Mandelhaine und Weinkultur. Jalón selbst ist ein lebendiges Dorf mit allen Einrichtungen des täglichen Bedarfs, Plätzen, traditionellen Bodegas und dem wöchentlichen Antikmarkt. Umgeben von Gebirgsketten ist es ein Paradies für Wanderer und Radfahrer. Zudem erreichen Sie die Sandstrände von Dénia, Jávea und Calpe in etwa 20 bis 25 Minuten.</p>

<p>Villa mit Gäste-Appartement und Panoramablick in Jalón zu verkaufen Diese traditionelle Villa befindet sich in der ruhigen Urbanisation Almazara, nur kurze Zeit vom charmanten und lebendigen Dorf Jalón entfernt. Das Anwesen bietet einen Panoramablick über das wunderschöne Jalón-Tal und die umliegende Bergwelt, einschließlich des bekannten Coll de Rates. Ein automatisches Tor führt auf das Grundstück [&hellip;]</p>

Xaló, la Marina Alta, Alacant / Alicante, Comunitat Valenciana, 03727, España

Südosten
